{"id":31,"date":"2020-03-26T18:40:21","date_gmt":"2020-03-26T17:40:21","guid":{"rendered":"http:\/\/www.arth-online.ch\/ts\/?page_id=31"},"modified":"2020-03-26T20:42:10","modified_gmt":"2020-03-26T19:42:10","slug":"menuevorschlag","status":"publish","type":"page","link":"https:\/\/www.arth-online.ch\/theaterstubli\/karten\/menuevorschlag\/","title":{"rendered":"Men\u00fcvorschlag"},"content":{"rendered":"<p><body><\/p>\n<table class=\"ts-tab1\">\n<tr>\n<td>1<\/td>\n<td>Kalbs-, Schweins- und Rindsfilet mit drei verschiedenen Saucen<br \/>\n      Reis, N\u00fcdeli, Pommes-frites<br \/>\n      Gem\u00fcse, Salat separat <\/td>\n<td>Fr.<\/td>\n<td>\n<div align=\"right\"> 44.&#8211;<\/div>\n<\/td>\n<\/tr>\n<tr>\n<td>2<\/td>\n<td>Kalbssteak an Morchelsauce<br \/>\n      N\u00fcdeli oder Pommes-frites<br \/>\n      verschiedene Gem\u00fcse<br \/>\n      gemischter Salat <\/td>\n<td>Fr.<\/td>\n<td>\n<div align=\"right\"> 38.&#8211;<\/div>\n<\/td>\n<\/tr>\n<tr>\n<td>3<\/td>\n<td>Kalbs-Rahmschnitzel an Pilzsauce<br \/>\n      Pommes-frites, N\u00fcdeli<br \/>\n      Gem\u00fcsebouquet<br \/>\n      Salat <\/td>\n<td>Fr.<\/td>\n<td>\n<div align=\"right\"> 35.00<\/div>\n<\/td>\n<\/tr>\n<tr>\n<td>4<\/td>\n<td>Schweinssteak mit Kr\u00e4uterbutter<br \/>\n      Pommes-frites<br \/>\n      verschiedene Gem\u00fcse<br \/>\n      gemischter Salat <\/td>\n<td>Fr.<\/td>\n<td>\n<div align=\"right\"> 33.&#8211;<\/div>\n<\/td>\n<\/tr>\n<tr>\n<td>5<\/td>\n<td>Schweins- und Rindsbraten<br \/>\n      garniert mit Fr\u00fcchten<br \/>\n      Pommes-frites und N\u00fcdeli<br \/>\n      Gem\u00fcse und gemischter Salat <\/td>\n<td>Fr.<\/td>\n<td>\n<div align=\"right\"> 35.50<\/div>\n<\/td>\n<\/tr>\n<tr>\n<td>6<\/td>\n<td>Kalbs-Cordon-bleu<br \/>\n      Pommes-frites<br \/>\n      Gem\u00fcsebouquet<br \/>\n      gemischter Salat <\/td>\n<td>Fr.<\/td>\n<td>\n<div align=\"right\"> 34.50<\/div>\n<\/td>\n<\/tr>\n<tr>\n<td>7<\/td>\n<td>Egli-Filets<br \/>\n      Salzkartoffeln<br \/>\n      gemischter Salat <\/td>\n<td>Fr.<\/td>\n<td>\n<div align=\"right\"> 37.00<\/div>\n<\/td>\n<\/tr>\n<tr>\n<td>8<\/td>\n<td>Kalbs-Rahmgeschnetzeltes<br \/>\n      N\u00fcdeli, Gem\u00fcse<br \/>\n      gemischter Salat <\/td>\n<td>Fr.<\/td>\n<td>\n<div align=\"right\"> 32.50<\/div>\n<\/td>\n<\/tr>\n<\/table>\n","protected":false},"excerpt":{"rendered":"<p>1 Kalbs-, Schweins- und Rindsfilet mit drei verschiedenen Saucen Reis, N\u00fcdeli, Pommes-frites Gem\u00fcse, Salat separat Fr. 44.&#8211; 2 Kalbssteak an Morchelsauce N\u00fcdeli oder Pommes-frites verschiedene Gem\u00fcse gemischter Salat Fr. 38.&#8211; 3 Kalbs-Rahmschnitzel an Pilzsauce Pommes-frites, N\u00fcdeli Gem\u00fcsebouquet Salat Fr. 35.00 4 Schweinssteak mit Kr\u00e4uterbutter Pommes-frites verschiedene Gem\u00fcse gemischter Salat Fr. 33.&#8211; 5 Schweins- und Rindsbraten &hellip; <a href=\"https:\/\/www.arth-online.ch\/theaterstubli\/karten\/menuevorschlag\/\" class=\"more-link\"><span class=\"screen-reader-text\">\u201eMen\u00fcvorschlag\u201c <\/span>weiterlesen<\/a><\/p>\n","protected":false},"author":1,"featured_media":0,"parent":10,"menu_order":0,"comment_status":"closed","ping_status":"closed","template":"","meta":{"ngg_post_thumbnail":0,"footnotes":""},"class_list":["post-31","page","type-page","status-publish","hentry"],"_links":{"self":[{"href":"https:\/\/www.arth-online.ch\/theaterstubli\/wp-json\/wp\/v2\/pages\/31","targetHints":{"allow":["GET"]}}],"collection":[{"href":"https:\/\/www.arth-online.ch\/theaterstubli\/wp-json\/wp\/v2\/pages"}],"about":[{"href":"https:\/\/www.arth-online.ch\/theaterstubli\/wp-json\/wp\/v2\/types\/page"}],"author":[{"embeddable":true,"href":"https:\/\/www.arth-online.ch\/theaterstubli\/wp-json\/wp\/v2\/users\/1"}],"replies":[{"embeddable":true,"href":"https:\/\/www.arth-online.ch\/theaterstubli\/wp-json\/wp\/v2\/comments?post=31"}],"version-history":[{"count":4,"href":"https:\/\/www.arth-online.ch\/theaterstubli\/wp-json\/wp\/v2\/pages\/31\/revisions"}],"predecessor-version":[{"id":116,"href":"https:\/\/www.arth-online.ch\/theaterstubli\/wp-json\/wp\/v2\/pages\/31\/revisions\/116"}],"up":[{"embeddable":true,"href":"https:\/\/www.arth-online.ch\/theaterstubli\/wp-json\/wp\/v2\/pages\/10"}],"wp:attachment":[{"href":"https:\/\/www.arth-online.ch\/theaterstubli\/wp-json\/wp\/v2\/media?parent=31"}],"curies":[{"name":"wp","href":"https:\/\/api.w.org\/{rel}","templated":true}]}}