{"id":4047,"date":"2021-10-10T22:18:51","date_gmt":"2021-10-10T20:18:51","guid":{"rendered":"https:\/\/www.arth-online.ch\/svp\/?post_type=tribe_events&#038;p=4047"},"modified":"2021-10-10T22:31:55","modified_gmt":"2021-10-10T20:31:55","slug":"parteiversammlung-2","status":"publish","type":"tribe_events","link":"https:\/\/www.arth-online.ch\/svp\/event\/parteiversammlung-2\/","title":{"rendered":"Parteiversammlung"},"content":{"rendered":"<p>Liebe Parteifreunde und G\u00e4ste<\/em><\/p>\n<p>Gerne laden wir Sie zu unserer kantonalen Parteiversammlung zwecks Parolenfassung f\u00fcr die eidgen\u00f6ssischen und kantonale Abstimmung\/en vom 26. September 2021 ein.<\/p>\n<div style=\"clear: both;\"><\/div>\n<h2>Bund<\/h2>\n<ul>\n<li>Volksinitiative vom 2. April 2019 \u00abL\u00f6hne entlasten, Kapital gerecht besteuern\u00bb (BBl 2021 5507)<\/li>\n<li>\u00c4nderung vom 18. Dezember 2020 des Schweizerischen Zivilgesetzbuches (Ehe f\u00fcr alle) (BBl 2020 9913)<\/li>\n<\/ul>\n<h2>Kanton<\/h2>\n<ul>\n<li>\u00c4nderung vom 28. April 2021 des Gesetzes \u00fcber Erg\u00e4nzungsleistungen zur Alters-, Hinterlassenen- und Invalidenversicherung<\/li>\n<\/ul>\n<p>Wir freuen uns auf interessante Diskussionen und auf Ihre Teilnahme.<\/p>\n<p>Steinen, 2. August 2021<\/p>\n<p><strong>SCHWEIZERISCHE VOLKSPARTEI KANTON SCHWYZ<\/strong><br \/>\n<em>Kantonalpr\u00e4sident Roman B\u00fcrgi<br \/>\nKantonalsekret\u00e4r Samuel L\u00fctolf<\/em><\/p>\n<h2>Pogramm<\/h2>\n<p>20.00 Uhr<br \/>\n<strong>Er\u00f6ffnung und Begr\u00fcssung<\/strong><br \/>\nKR Roman B\u00fcrgi, Goldau \/ Pr\u00e4sident SVP Kanton Schwyz<\/p>\n<p>20.05 Uhr<br \/>\n<strong>Begr\u00fcssung<\/strong><br \/>\nHanspeter Hohl, Ortsparteipr\u00e4sident Ybrig<\/p>\n<p>20.15 Uhr<br \/>\n<strong>Volksinitiative vom 2. April 2019 \u00abL\u00f6hne entlasten, Kapital gerecht besteuern\u00bb (BBl 2021 5507)<\/strong><br \/>\nKontra-Referent: Xaver Schuler, Gemeindepr\u00e4sident von Schwyz<br \/>\nPro-Referent: Elias Studer, Vizepr\u00e4sident SP Kanton Schwyz<br \/>\nAnschliessend Diskussion und Parolenfassung<\/p>\n<p>20.50 Uhr<br \/>\n<strong>\u00c4nderung vom 18. Dezember 2020 des Schweizerischen Zivilgesetzbuches (Ehe f\u00fcr alle) (BBl 2020 9913)<\/strong><br \/>\nReferent: Nationalrat Marcel Dettling, Oberiberg anschliessend Diskussion und Parolenfassung<br \/>\nReferent: Fraktionspr\u00e4sident, Kantonsrat Thomas Haas Lachen<br \/>\nAnschliessend Diskussion und Parolenfassung<\/p>\n<p>21.10 Uhr<br \/>\n<strong>\u00c4nderung vom 28. April 2021 des Gesetzes \u00fcber Erg\u00e4nzungsleistungen zur Alters-, Hinterlassenen- und Invalidenversicherung<\/strong><br \/>\nReferent: Fraktionspr\u00e4sident, Kantonsrat Thomas Haas Lachen<br \/>\nAnschliessend Diskussion und Parolenfassung<\/p>\n<p>21.30 Uhr<br \/>\n<strong>Diverses \/ Fragen<\/strong><\/p>\n<p>21.45 Uhr<br \/>\n<strong>Ende der Versammlung<\/strong><\/p>\n<p><i class=\"fa fa-file-pdf-o\"><\/i> <a href=\"http:\/\/www.arth-online.ch\/svp\/wp-content\/uploads\/sites\/2\/2021\/08\/pv-einladung_20210831.pdf\">Einladung<\/a><\/p>\n<p><em>Diese Einladung verdanken wir:<\/em><\/p>\n<div class=\"wc-shortcodes-row wc-shortcodes-item wc-shortcodes-clearfix\">\n<div class=\"wc-shortcodes-column wc-shortcodes-content wc-shortcodes-one-third wc-shortcodes-column-first \">\n<p><a href=\"http:\/\/www.betonbaumeliag.ch\"><img loading=\"lazy\" decoding=\"async\" src=\"http:\/\/www.arth-online.ch\/svp\/wp-content\/uploads\/sites\/2\/2021\/08\/inserat_betonbaumeliag-1024x382.jpg\" alt=\"\" width=\"840\" height=\"313\" class=\"alignleft size-large wp-image-3871\" srcset=\"https:\/\/www.arth-online.ch\/svp\/wp-content\/uploads\/sites\/2\/2021\/08\/inserat_betonbaumeliag-1024x382.jpg 1024w, https:\/\/www.arth-online.ch\/svp\/wp-content\/uploads\/sites\/2\/2021\/08\/inserat_betonbaumeliag-300x112.jpg 300w, https:\/\/www.arth-online.ch\/svp\/wp-content\/uploads\/sites\/2\/2021\/08\/inserat_betonbaumeliag-768x287.jpg 768w, https:\/\/www.arth-online.ch\/svp\/wp-content\/uploads\/sites\/2\/2021\/08\/inserat_betonbaumeliag-1200x448.jpg 1200w, https:\/\/www.arth-online.ch\/svp\/wp-content\/uploads\/sites\/2\/2021\/08\/inserat_betonbaumeliag.jpg 1518w\" sizes=\"auto, (max-width: 709px) 85vw, (max-width: 909px) 67vw, (max-width: 1362px) 62vw, 840px\" \/><\/a><\/p>\n<\/div>\n<div class=\"wc-shortcodes-column wc-shortcodes-content wc-shortcodes-one-third wc-shortcodes-column- \">\n<p><a href=\"http:\/\/www.konstibau.ch\"><img loading=\"lazy\" decoding=\"async\" src=\"http:\/\/www.arth-online.ch\/svp\/wp-content\/uploads\/sites\/2\/2021\/08\/inserat_konstibau-1024x635.jpg\" alt=\"\" width=\"840\" height=\"521\" class=\"alignleft size-large wp-image-3870\" srcset=\"https:\/\/www.arth-online.ch\/svp\/wp-content\/uploads\/sites\/2\/2021\/08\/inserat_konstibau-1024x635.jpg 1024w, https:\/\/www.arth-online.ch\/svp\/wp-content\/uploads\/sites\/2\/2021\/08\/inserat_konstibau-300x186.jpg 300w, https:\/\/www.arth-online.ch\/svp\/wp-content\/uploads\/sites\/2\/2021\/08\/inserat_konstibau-768x477.jpg 768w, https:\/\/www.arth-online.ch\/svp\/wp-content\/uploads\/sites\/2\/2021\/08\/inserat_konstibau.jpg 1125w\" sizes=\"auto, (max-width: 709px) 85vw, (max-width: 909px) 67vw, (max-width: 1362px) 62vw, 840px\" \/><\/a><\/p>\n<\/div>\n<div class=\"wc-shortcodes-column wc-shortcodes-content wc-shortcodes-one-third wc-shortcodes-column-last \">\n<p><img loading=\"lazy\" decoding=\"async\" src=\"http:\/\/www.arth-online.ch\/svp\/wp-content\/uploads\/sites\/2\/2021\/08\/inserat_kaelin_andy-1024x483.jpg\" alt=\"\" width=\"840\" height=\"396\" class=\"alignleft size-large wp-image-3869\" srcset=\"https:\/\/www.arth-online.ch\/svp\/wp-content\/uploads\/sites\/2\/2021\/08\/inserat_kaelin_andy-1024x483.jpg 1024w, https:\/\/www.arth-online.ch\/svp\/wp-content\/uploads\/sites\/2\/2021\/08\/inserat_kaelin_andy-300x142.jpg 300w, https:\/\/www.arth-online.ch\/svp\/wp-content\/uploads\/sites\/2\/2021\/08\/inserat_kaelin_andy-768x362.jpg 768w, https:\/\/www.arth-online.ch\/svp\/wp-content\/uploads\/sites\/2\/2021\/08\/inserat_kaelin_andy-1200x566.jpg 1200w, https:\/\/www.arth-online.ch\/svp\/wp-content\/uploads\/sites\/2\/2021\/08\/inserat_kaelin_andy.jpg 1473w\" sizes=\"auto, (max-width: 709px) 85vw, (max-width: 909px) 67vw, (max-width: 1362px) 62vw, 840px\" \/><\/p>\n<\/div>\n<\/div>\n","protected":false},"excerpt":{"rendered":"<p>Liebe Parteifreunde und G\u00e4ste Gerne laden wir Sie zu unserer kantonalen Parteiversammlung zwecks Parolenfassung f\u00fcr die eidgen\u00f6ssischen und kantonale Abstimmung\/en vom 26. September 2021 ein. Bund Volksinitiative vom 2. April &hellip; <a href=\"https:\/\/www.arth-online.ch\/svp\/event\/parteiversammlung-2\/\" class=\"more-link\"><span class=\"screen-reader-text\">\u201eParteiversammlung\u201c <\/span>weiterlesen<\/a><\/p>\n","protected":false},"author":1,"featured_media":3865,"template":"","meta":{"ngg_post_thumbnail":0,"_tribe_events_status":"","_tribe_events_status_reason":"","footnotes":"","_links_to":"","_links_to_target":""},"tags":[],"tribe_events_cat":[],"class_list":["post-4047","tribe_events","type-tribe_events","status-publish","has-post-thumbnail","hentry"],"distributor_meta":false,"distributor_terms":false,"distributor_media":false,"distributor_original_site_name":"SVP Arth-Oberarth-Goldau","distributor_original_site_url":"https:\/\/www.arth-online.ch\/svp","push-errors":false,"_links":{"self":[{"href":"https:\/\/www.arth-online.ch\/svp\/wp-json\/wp\/v2\/tribe_events\/4047","targetHints":{"allow":["GET"]}}],"collection":[{"href":"https:\/\/www.arth-online.ch\/svp\/wp-json\/wp\/v2\/tribe_events"}],"about":[{"href":"https:\/\/www.arth-online.ch\/svp\/wp-json\/wp\/v2\/types\/tribe_events"}],"author":[{"embeddable":true,"href":"https:\/\/www.arth-online.ch\/svp\/wp-json\/wp\/v2\/users\/1"}],"version-history":[{"count":2,"href":"https:\/\/www.arth-online.ch\/svp\/wp-json\/wp\/v2\/tribe_events\/4047\/revisions"}],"predecessor-version":[{"id":4049,"href":"https:\/\/www.arth-online.ch\/svp\/wp-json\/wp\/v2\/tribe_events\/4047\/revisions\/4049"}],"wp:featuredmedia":[{"embeddable":true,"href":"https:\/\/www.arth-online.ch\/svp\/wp-json\/wp\/v2\/media\/3865"}],"wp:attachment":[{"href":"https:\/\/www.arth-online.ch\/svp\/wp-json\/wp\/v2\/media?parent=4047"}],"wp:term":[{"taxonomy":"post_tag","embeddable":true,"href":"https:\/\/www.arth-online.ch\/svp\/wp-json\/wp\/v2\/tags?post=4047"},{"taxonomy":"tribe_events_cat","embeddable":true,"href":"https:\/\/www.arth-online.ch\/svp\/wp-json\/wp\/v2\/tribe_events_cat?post=4047"}],"curies":[{"name":"wp","href":"https:\/\/api.w.org\/{rel}","templated":true}]}}

<p>Liebe Parteifreunde und Gäste</em></p>
<p>Gerne laden wir Sie zu unserer kantonalen Parteiversammlung zwecks Parolenfassung für die eidgenössischen und kantonale Abstimmung/en vom 26. September 2021 ein.</p>
<div style="clear: both;"></div>
<h2>Bund</h2>
<ul>
<li>Volksinitiative vom 2. April 2019 «Löhne entlasten, Kapital gerecht besteuern» (BBl 2021 5507)</li>
<li>Änderung vom 18. Dezember 2020 des Schweizerischen Zivilgesetzbuches (Ehe für alle) (BBl 2020 9913)</li>
</ul>
<h2>Kanton</h2>
<ul>
<li>Änderung vom 28. April 2021 des Gesetzes über Ergänzungsleistungen zur Alters-, Hinterlassenen- und Invalidenversicherung</li>
</ul>
<p>Wir freuen uns auf interessante Diskussionen und auf Ihre Teilnahme.</p>
<p>Steinen, 2. August 2021</p>
<p><strong>SCHWEIZERISCHE VOLKSPARTEI KANTON SCHWYZ</strong><br />
<em>Kantonalpräsident Roman Bürgi<br />
Kantonalsekretär Samuel Lütolf</em></p>
<h2>Pogramm</h2>
<p>20.00 Uhr<br />
<strong>Eröffnung und Begrüssung</strong><br />
KR Roman Bürgi, Goldau / Präsident SVP Kanton Schwyz</p>
<p>20.05 Uhr<br />
<strong>Begrüssung</strong><br />
Hanspeter Hohl, Ortsparteipräsident Ybrig</p>
<p>20.15 Uhr<br />
<strong>Volksinitiative vom 2. April 2019 «Löhne entlasten, Kapital gerecht besteuern» (BBl 2021 5507)</strong><br />
Kontra-Referent: Xaver Schuler, Gemeindepräsident von Schwyz<br />
Pro-Referent: Elias Studer, Vizepräsident SP Kanton Schwyz<br />
Anschliessend Diskussion und Parolenfassung</p>
<p>20.50 Uhr<br />
<strong>Änderung vom 18. Dezember 2020 des Schweizerischen Zivilgesetzbuches (Ehe für alle) (BBl 2020 9913)</strong><br />
Referent: Nationalrat Marcel Dettling, Oberiberg anschliessend Diskussion und Parolenfassung<br />
Referent: Fraktionspräsident, Kantonsrat Thomas Haas Lachen<br />
Anschliessend Diskussion und Parolenfassung</p>
<p>21.10 Uhr<br />
<strong>Änderung vom 28. April 2021 des Gesetzes über Ergänzungsleistungen zur Alters-, Hinterlassenen- und Invalidenversicherung</strong><br />
Referent: Fraktionspräsident, Kantonsrat Thomas Haas Lachen<br />
Anschliessend Diskussion und Parolenfassung</p>
<p>21.30 Uhr<br />
<strong>Diverses / Fragen</strong></p>
<p>21.45 Uhr<br />
<strong>Ende der Versammlung</strong></p>
<p><i class="fa fa-file-pdf-o"></i> <a href="http://www.arth-online.ch/svp/wp-content/uploads/sites/2/2021/08/pv-einladung_20210831.pdf">Einladung</a></p>
<p><em>Diese Einladung verdanken wir:</em></p>
<div class="wc-shortcodes-row wc-shortcodes-item wc-shortcodes-clearfix">
<div class="wc-shortcodes-column wc-shortcodes-content wc-shortcodes-one-third wc-shortcodes-column-first ">
<p><a href="http://www.betonbaumeliag.ch"><img loading="lazy" decoding="async" src="http://www.arth-online.ch/svp/wp-content/uploads/sites/2/2021/08/inserat_betonbaumeliag-1024x382.jpg" alt="" width="840" height="313" class="alignleft size-large wp-image-3871" srcset="https://www.arth-online.ch/svp/wp-content/uploads/sites/2/2021/08/inserat_betonbaumeliag-1024x382.jpg 1024w, https://www.arth-online.ch/svp/wp-content/uploads/sites/2/2021/08/inserat_betonbaumeliag-300x112.jpg 300w, https://www.arth-online.ch/svp/wp-content/uploads/sites/2/2021/08/inserat_betonbaumeliag-768x287.jpg 768w, https://www.arth-online.ch/svp/wp-content/uploads/sites/2/2021/08/inserat_betonbaumeliag-1200x448.jpg 1200w, https://www.arth-online.ch/svp/wp-content/uploads/sites/2/2021/08/inserat_betonbaumeliag.jpg 1518w" sizes="auto, (max-width: 709px) 85vw, (max-width: 909px) 67vw, (max-width: 1362px) 62vw, 840px" /></a></p>
</div>
<div class="wc-shortcodes-column wc-shortcodes-content wc-shortcodes-one-third wc-shortcodes-column- ">
<p><a href="http://www.konstibau.ch"><img loading="lazy" decoding="async" src="http://www.arth-online.ch/svp/wp-content/uploads/sites/2/2021/08/inserat_konstibau-1024x635.jpg" alt="" width="840" height="521" class="alignleft size-large wp-image-3870" srcset="https://www.arth-online.ch/svp/wp-content/uploads/sites/2/2021/08/inserat_konstibau-1024x635.jpg 1024w, https://www.arth-online.ch/svp/wp-content/uploads/sites/2/2021/08/inserat_konstibau-300x186.jpg 300w, https://www.arth-online.ch/svp/wp-content/uploads/sites/2/2021/08/inserat_konstibau-768x477.jpg 768w, https://www.arth-online.ch/svp/wp-content/uploads/sites/2/2021/08/inserat_konstibau.jpg 1125w" sizes="auto, (max-width: 709px) 85vw, (max-width: 909px) 67vw, (max-width: 1362px) 62vw, 840px" /></a></p>
</div>
<div class="wc-shortcodes-column wc-shortcodes-content wc-shortcodes-one-third wc-shortcodes-column-last ">
<p><img loading="lazy" decoding="async" src="http://www.arth-online.ch/svp/wp-content/uploads/sites/2/2021/08/inserat_kaelin_andy-1024x483.jpg" alt="" width="840" height="396" class="alignleft size-large wp-image-3869" srcset="https://www.arth-online.ch/svp/wp-content/uploads/sites/2/2021/08/inserat_kaelin_andy-1024x483.jpg 1024w, https://www.arth-online.ch/svp/wp-content/uploads/sites/2/2021/08/inserat_kaelin_andy-300x142.jpg 300w, https://www.arth-online.ch/svp/wp-content/uploads/sites/2/2021/08/inserat_kaelin_andy-768x362.jpg 768w, https://www.arth-online.ch/svp/wp-content/uploads/sites/2/2021/08/inserat_kaelin_andy-1200x566.jpg 1200w, https://www.arth-online.ch/svp/wp-content/uploads/sites/2/2021/08/inserat_kaelin_andy.jpg 1473w" sizes="auto, (max-width: 709px) 85vw, (max-width: 909px) 67vw, (max-width: 1362px) 62vw, 840px" /></p>
</div>
</div>

<p>Liebe Parteifreunde und Gäste Gerne laden wir Sie zu unserer kantonalen Parteiversammlung zwecks Parolenfassung für die eidgenössischen und kantonale Abstimmung/en vom 26. September 2021 ein. Bund Volksinitiative vom 2. April &hellip; <a href="https://www.arth-online.ch/svp/event/parteiversammlung-2/" class="more-link"><span class="screen-reader-text">„Parteiversammlung“ </span>weiterlesen</a></p>
