{"id":3995,"date":"2021-10-10T16:26:53","date_gmt":"2021-10-10T14:26:53","guid":{"rendered":"https:\/\/www.arth-online.ch\/svp\/?post_type=tribe_events&#038;p=3995"},"modified":"2021-10-19T23:02:53","modified_gmt":"2021-10-19T21:02:53","slug":"parteiversammlung","status":"publish","type":"tribe_events","link":"https:\/\/www.arth-online.ch\/svp\/event\/parteiversammlung\/","title":{"rendered":"Parteiversammlung"},"content":{"rendered":"<p><em>Liebe Parteifreunde und G\u00e4ste<\/em><\/p>\n<p>Gerne laden wir Sie zu unserer kantonalen Parteiversammlung zwecks Parolenfassung f\u00fcr die eidgen\u00f6ssischen Abstimmungen vom 28. November 2021 ein.<\/p>\n<div style=\"clear: both;\"><\/div>\n<h2>Bund<\/h2>\n<ul>\n<li>Volksinitiative vom 7. November 2017 \u00abF\u00fcr eine starke Pflege (Pflegeinitiative)\u00bb<\/li>\n<li>Volksinitiative vom 26. August 2019 \u00abBestimmung der Bundesrichterinnen und Bundesrichter im Losverfahren (Justiz-Initiative)\u00bb<\/li>\n<li>\u00c4nderung vom 19. M\u00e4rz 2021 des Bundesgesetzes \u00fcber die gesetzlichen Grundlagen f\u00fcr Verordnungen des Bundesrates zur Bew\u00e4ltigung der Covid-19-Epidemie (Covid-19-Gesetz) (H\u00e4rtef\u00e4lle, Arbeitslosenversicherung, familienerg\u00e4nzende Kinderbetreuung, Kulturschaffende, Veranstaltungen)<\/li>\n<\/ul>\n<p>Wir freuen uns auf interessante Diskussionen und auf Ihre Teilnahme.<\/p>\n<p>Steinen, 19. Oktober 2021<\/p>\n<p><strong>SCHWEIZERISCHE VOLKSPARTEI KANTON SCHWYZ<\/strong><br \/>\n<em>Kantonalpr\u00e4sident Roman B\u00fcrgi<br \/>\nKantonalsekret\u00e4r Samuel L\u00fctolf<\/em><\/p>\n<div class=\"wc-shortcodes-box wc-shortcodes-item wc-shortcodes-content wc-shortcodes-clearfix wc-shortcodes-box-secondary \" style=\"text-align:left;\">\n<strong style=\"color:red\">Keine Zertifikatspflicht<\/strong><br \/>\nDie Versammlung findet in einem gedeckten Aussenbereich statt, bitte entsprechend warm anziehen.\n<\/div>\n<h2>Programm<\/h2>\n<p>20.00 Uhr<br \/>\n<strong>Er\u00f6ffnung und Begr\u00fcssung<\/strong><br \/>\nKR Roman B\u00fcrgi, Goldau \/ Pr\u00e4sident SVP Kanton Schwyz<\/p>\n<p>20.15 Uhr<br \/>\n<strong>Volksinitiative vom 07. November 2017 \u00abF\u00fcr eine starke Pflege (Pflegeinitiative)\u00bb<\/strong><br \/>\nPro-Referentin: Miriam Rittmann, Pr\u00e4sidentin SBK Zentralschweiz<br \/>\nContra-Referent: Andreas Glarner, Nationalrat, Oberwil-Lieli<br \/>\n<em>Anschliessend Diskussion und Parolenfassung<\/em><\/p>\n<p>20.50 Uhr<br \/>\n<strong>Volksinitiative \u00abBestimmung der Bundesrichterinnen und Bundesrichter im Losverfahren\u00bb<\/strong><br \/>\nReferent: Alexander Lacher, Kantonsrat, Pf\u00e4ffikon<br \/>\n<em>Anschliessend Diskussion und Parolenfassung<\/em><\/p>\n<p>21.10 Uhr<br \/>\n<strong>\u00c4nderung vom 19. M\u00e4rz 2021 \u00fcber das Covid-19-Gesetz<\/strong><br \/>\nReferent: Marcel Dettling, Nationalrat, Oberiberg<br \/>\n<em>Anschliessend Diskussion und Parolenfassung<\/em><\/p>\n<p>21.30 Uhr<br \/>\n<strong>Diverses \/ Fragen \/ Initiative JSVP<\/strong><\/p>\n<p>21.45 Uhr<br \/>\n<strong>Ende der Versammlung<\/strong><\/p>\n<p><i class=\"fa fa-file-pdf-o\"><\/i> <a href=\"http:\/\/www.arth-online.ch\/svp\/wp-content\/uploads\/sites\/2\/2021\/10\/pv-einladung_20211102.pdf\">Einladung<\/a><\/p>\n<p><em>Diese Einladung verdanken wir:<\/em><\/p>\n<div class=\"wc-shortcodes-row wc-shortcodes-item wc-shortcodes-clearfix\">\n<div class=\"wc-shortcodes-column wc-shortcodes-content wc-shortcodes-one-half wc-shortcodes-column-first \">\n<a href=\"http:\/\/www.suterbuerotechnik.ch\"><img loading=\"lazy\" decoding=\"async\" style=\"border:1px solid #ccc\" src=\"http:\/\/www.arth-online.ch\/svp\/wp-content\/uploads\/sites\/2\/2021\/10\/inserat_suterbuerotechnik.jpg\" alt=\"\" width=\"960\" height=\"702\" class=\"alignnone size-full wp-image-4093\" srcset=\"https:\/\/www.arth-online.ch\/svp\/wp-content\/uploads\/sites\/2\/2021\/10\/inserat_suterbuerotechnik.jpg 960w, https:\/\/www.arth-online.ch\/svp\/wp-content\/uploads\/sites\/2\/2021\/10\/inserat_suterbuerotechnik-300x219.jpg 300w, https:\/\/www.arth-online.ch\/svp\/wp-content\/uploads\/sites\/2\/2021\/10\/inserat_suterbuerotechnik-768x562.jpg 768w\" sizes=\"auto, (max-width: 709px) 85vw, (max-width: 909px) 67vw, (max-width: 1362px) 62vw, 840px\" \/><\/a>\n<\/div>\n<div class=\"wc-shortcodes-column wc-shortcodes-content wc-shortcodes-one-half wc-shortcodes-column-last \">\n<a href=\"http:\/\/www.openbyte.ch\"><img loading=\"lazy\" decoding=\"async\" src=\"http:\/\/www.arth-online.ch\/svp\/wp-content\/uploads\/sites\/2\/2021\/10\/inserat_openbyte.jpg\" alt=\"\" width=\"960\" height=\"713\" class=\"alignnone size-full wp-image-4092\" srcset=\"https:\/\/www.arth-online.ch\/svp\/wp-content\/uploads\/sites\/2\/2021\/10\/inserat_openbyte.jpg 960w, https:\/\/www.arth-online.ch\/svp\/wp-content\/uploads\/sites\/2\/2021\/10\/inserat_openbyte-300x223.jpg 300w, https:\/\/www.arth-online.ch\/svp\/wp-content\/uploads\/sites\/2\/2021\/10\/inserat_openbyte-768x570.jpg 768w\" sizes=\"auto, (max-width: 709px) 85vw, (max-width: 909px) 67vw, (max-width: 1362px) 62vw, 840px\" \/><\/a>\n<\/div>\n<\/div>\n","protected":false},"excerpt":{"rendered":"<p>Liebe Parteifreunde und G\u00e4ste Gerne laden wir Sie zu unserer kantonalen Parteiversammlung zwecks Parolenfassung f\u00fcr die eidgen\u00f6ssischen Abstimmungen vom 28. November 2021 ein. Bund Volksinitiative vom 7. November 2017 \u00abF\u00fcr &hellip; <a href=\"https:\/\/www.arth-online.ch\/svp\/event\/parteiversammlung\/\" class=\"more-link\"><span class=\"screen-reader-text\">\u201eParteiversammlung\u201c <\/span>weiterlesen<\/a><\/p>\n","protected":false},"author":1,"featured_media":4087,"template":"","meta":{"ngg_post_thumbnail":0,"_tribe_events_status":"","_tribe_events_status_reason":"","footnotes":"","_links_to":"","_links_to_target":""},"tags":[],"tribe_events_cat":[],"class_list":["post-3995","tribe_events","type-tribe_events","status-publish","has-post-thumbnail","hentry"],"distributor_meta":false,"distributor_terms":false,"distributor_media":false,"distributor_original_site_name":"SVP Arth-Oberarth-Goldau","distributor_original_site_url":"https:\/\/www.arth-online.ch\/svp","push-errors":false,"_links":{"self":[{"href":"https:\/\/www.arth-online.ch\/svp\/wp-json\/wp\/v2\/tribe_events\/3995","targetHints":{"allow":["GET"]}}],"collection":[{"href":"https:\/\/www.arth-online.ch\/svp\/wp-json\/wp\/v2\/tribe_events"}],"about":[{"href":"https:\/\/www.arth-online.ch\/svp\/wp-json\/wp\/v2\/types\/tribe_events"}],"author":[{"embeddable":true,"href":"https:\/\/www.arth-online.ch\/svp\/wp-json\/wp\/v2\/users\/1"}],"version-history":[{"count":6,"href":"https:\/\/www.arth-online.ch\/svp\/wp-json\/wp\/v2\/tribe_events\/3995\/revisions"}],"predecessor-version":[{"id":4113,"href":"https:\/\/www.arth-online.ch\/svp\/wp-json\/wp\/v2\/tribe_events\/3995\/revisions\/4113"}],"wp:featuredmedia":[{"embeddable":true,"href":"https:\/\/www.arth-online.ch\/svp\/wp-json\/wp\/v2\/media\/4087"}],"wp:attachment":[{"href":"https:\/\/www.arth-online.ch\/svp\/wp-json\/wp\/v2\/media?parent=3995"}],"wp:term":[{"taxonomy":"post_tag","embeddable":true,"href":"https:\/\/www.arth-online.ch\/svp\/wp-json\/wp\/v2\/tags?post=3995"},{"taxonomy":"tribe_events_cat","embeddable":true,"href":"https:\/\/www.arth-online.ch\/svp\/wp-json\/wp\/v2\/tribe_events_cat?post=3995"}],"curies":[{"name":"wp","href":"https:\/\/api.w.org\/{rel}","templated":true}]}}

<p><em>Liebe Parteifreunde und Gäste</em></p>
<p>Gerne laden wir Sie zu unserer kantonalen Parteiversammlung zwecks Parolenfassung für die eidgenössischen Abstimmungen vom 28. November 2021 ein.</p>
<div style="clear: both;"></div>
<h2>Bund</h2>
<ul>
<li>Volksinitiative vom 7. November 2017 «Für eine starke Pflege (Pflegeinitiative)»</li>
<li>Volksinitiative vom 26. August 2019 «Bestimmung der Bundesrichterinnen und Bundesrichter im Losverfahren (Justiz-Initiative)»</li>
<li>Änderung vom 19. März 2021 des Bundesgesetzes über die gesetzlichen Grundlagen für Verordnungen des Bundesrates zur Bewältigung der Covid-19-Epidemie (Covid-19-Gesetz) (Härtefälle, Arbeitslosenversicherung, familienergänzende Kinderbetreuung, Kulturschaffende, Veranstaltungen)</li>
</ul>
<p>Wir freuen uns auf interessante Diskussionen und auf Ihre Teilnahme.</p>
<p>Steinen, 19. Oktober 2021</p>
<p><strong>SCHWEIZERISCHE VOLKSPARTEI KANTON SCHWYZ</strong><br />
<em>Kantonalpräsident Roman Bürgi<br />
Kantonalsekretär Samuel Lütolf</em></p>
<div class="wc-shortcodes-box wc-shortcodes-item wc-shortcodes-content wc-shortcodes-clearfix wc-shortcodes-box-secondary " style="text-align:left;">
<strong style="color:red">Keine Zertifikatspflicht</strong><br />
Die Versammlung findet in einem gedeckten Aussenbereich statt, bitte entsprechend warm anziehen.
</div>
<h2>Programm</h2>
<p>20.00 Uhr<br />
<strong>Eröffnung und Begrüssung</strong><br />
KR Roman Bürgi, Goldau / Präsident SVP Kanton Schwyz</p>
<p>20.15 Uhr<br />
<strong>Volksinitiative vom 07. November 2017 «Für eine starke Pflege (Pflegeinitiative)»</strong><br />
Pro-Referentin: Miriam Rittmann, Präsidentin SBK Zentralschweiz<br />
Contra-Referent: Andreas Glarner, Nationalrat, Oberwil-Lieli<br />
<em>Anschliessend Diskussion und Parolenfassung</em></p>
<p>20.50 Uhr<br />
<strong>Volksinitiative «Bestimmung der Bundesrichterinnen und Bundesrichter im Losverfahren»</strong><br />
Referent: Alexander Lacher, Kantonsrat, Pfäffikon<br />
<em>Anschliessend Diskussion und Parolenfassung</em></p>
<p>21.10 Uhr<br />
<strong>Änderung vom 19. März 2021 über das Covid-19-Gesetz</strong><br />
Referent: Marcel Dettling, Nationalrat, Oberiberg<br />
<em>Anschliessend Diskussion und Parolenfassung</em></p>
<p>21.30 Uhr<br />
<strong>Diverses / Fragen / Initiative JSVP</strong></p>
<p>21.45 Uhr<br />
<strong>Ende der Versammlung</strong></p>
<p><i class="fa fa-file-pdf-o"></i> <a href="http://www.arth-online.ch/svp/wp-content/uploads/sites/2/2021/10/pv-einladung_20211102.pdf">Einladung</a></p>
<p><em>Diese Einladung verdanken wir:</em></p>
<div class="wc-shortcodes-row wc-shortcodes-item wc-shortcodes-clearfix">
<div class="wc-shortcodes-column wc-shortcodes-content wc-shortcodes-one-half wc-shortcodes-column-first ">
<a href="http://www.suterbuerotechnik.ch"><img loading="lazy" decoding="async" style="border:1px solid #ccc" src="http://www.arth-online.ch/svp/wp-content/uploads/sites/2/2021/10/inserat_suterbuerotechnik.jpg" alt="" width="960" height="702" class="alignnone size-full wp-image-4093" srcset="https://www.arth-online.ch/svp/wp-content/uploads/sites/2/2021/10/inserat_suterbuerotechnik.jpg 960w, https://www.arth-online.ch/svp/wp-content/uploads/sites/2/2021/10/inserat_suterbuerotechnik-300x219.jpg 300w, https://www.arth-online.ch/svp/wp-content/uploads/sites/2/2021/10/inserat_suterbuerotechnik-768x562.jpg 768w" sizes="auto, (max-width: 709px) 85vw, (max-width: 909px) 67vw, (max-width: 1362px) 62vw, 840px" /></a>
</div>
<div class="wc-shortcodes-column wc-shortcodes-content wc-shortcodes-one-half wc-shortcodes-column-last ">
<a href="http://www.openbyte.ch"><img loading="lazy" decoding="async" src="http://www.arth-online.ch/svp/wp-content/uploads/sites/2/2021/10/inserat_openbyte.jpg" alt="" width="960" height="713" class="alignnone size-full wp-image-4092" srcset="https://www.arth-online.ch/svp/wp-content/uploads/sites/2/2021/10/inserat_openbyte.jpg 960w, https://www.arth-online.ch/svp/wp-content/uploads/sites/2/2021/10/inserat_openbyte-300x223.jpg 300w, https://www.arth-online.ch/svp/wp-content/uploads/sites/2/2021/10/inserat_openbyte-768x570.jpg 768w" sizes="auto, (max-width: 709px) 85vw, (max-width: 909px) 67vw, (max-width: 1362px) 62vw, 840px" /></a>
</div>
</div>

<p>Liebe Parteifreunde und Gäste Gerne laden wir Sie zu unserer kantonalen Parteiversammlung zwecks Parolenfassung für die eidgenössischen Abstimmungen vom 28. November 2021 ein. Bund Volksinitiative vom 7. November 2017 «Für &hellip; <a href="https://www.arth-online.ch/svp/event/parteiversammlung/" class="more-link"><span class="screen-reader-text">„Parteiversammlung“ </span>weiterlesen</a></p>
