{"id":6667,"date":"2026-09-03T10:04:29","date_gmt":"2026-09-03T08:04:29","guid":{"rendered":"https:\/\/www.arth-online.ch\/svp\/?page_id=6667"},"modified":"2026-09-03T10:06:04","modified_gmt":"2026-09-03T08:06:04","slug":"abstimmung-27-september-2026","status":"publish","type":"page","link":"https:\/\/www.arth-online.ch\/svp\/abstimmungen\/abstimmungen-2026\/abstimmung-27-september-2026\/","title":{"rendered":"Abstimmung 27. September 2026"},"content":{"rendered":"<h2>Bund<\/h2>\n<ul>\n<li><strong style=\"background-color: Green; color: white;\">JA<\/strong> zur Volksinitiative \u00abWahrung der schweizerischen Neutralit\u00e4t (Neutralit\u00e4tsinitiative)\u00bb (BBl 2026 799);<\/li>\n<li><strong style=\"background-color: Red; color: white;\">NEIN<\/strong> zur Volksinitiative \u00abF\u00fcr eine sichere Ern\u00e4hrung \u2013 durch St\u00e4rkung einer nachhaltigen inl\u00e4ndischen Produktion, mehr pflanzliche Lebensmittel und sauberes Trinkwasser (Ern\u00e4hrungsinitiative)\u00bb (BBl 2026 800).<\/li>\n<\/ul>\n","protected":false},"excerpt":{"rendered":"<p>Bund JA zur Volksinitiative \u00abWahrung der schweizerischen Neutralit\u00e4t (Neutralit\u00e4tsinitiative)\u00bb (BBl 2026 799); NEIN zur Volksinitiative \u00abF\u00fcr eine sichere Ern\u00e4hrung \u2013 durch St\u00e4rkung einer nachhaltigen inl\u00e4ndischen Produktion, mehr pflanzliche Lebensmittel und &hellip; <a href=\"https:\/\/www.arth-online.ch\/svp\/abstimmungen\/abstimmungen-2026\/abstimmung-27-september-2026\/\" class=\"more-link\"><span class=\"screen-reader-text\">\u201eAbstimmung 27. September 2026\u201c <\/span>weiterlesen<\/a><\/p>\n","protected":false},"author":1,"featured_media":0,"parent":6642,"menu_order":0,"comment_status":"closed","ping_status":"closed","template":"","meta":{"ngg_post_thumbnail":0,"footnotes":"","_links_to":"","_links_to_target":""},"class_list":["post-6667","page","type-page","status-publish","hentry"],"distributor_meta":false,"distributor_terms":false,"distributor_media":false,"distributor_original_site_name":"SVP Arth-Oberarth-Goldau","distributor_original_site_url":"https:\/\/www.arth-online.ch\/svp","push-errors":false,"_links":{"self":[{"href":"https:\/\/www.arth-online.ch\/svp\/wp-json\/wp\/v2\/pages\/6667","targetHints":{"allow":["GET"]}}],"collection":[{"href":"https:\/\/www.arth-online.ch\/svp\/wp-json\/wp\/v2\/pages"}],"about":[{"href":"https:\/\/www.arth-online.ch\/svp\/wp-json\/wp\/v2\/types\/page"}],"author":[{"embeddable":true,"href":"https:\/\/www.arth-online.ch\/svp\/wp-json\/wp\/v2\/users\/1"}],"replies":[{"embeddable":true,"href":"https:\/\/www.arth-online.ch\/svp\/wp-json\/wp\/v2\/comments?post=6667"}],"version-history":[{"count":2,"href":"https:\/\/www.arth-online.ch\/svp\/wp-json\/wp\/v2\/pages\/6667\/revisions"}],"predecessor-version":[{"id":6669,"href":"https:\/\/www.arth-online.ch\/svp\/wp-json\/wp\/v2\/pages\/6667\/revisions\/6669"}],"up":[{"embeddable":true,"href":"https:\/\/www.arth-online.ch\/svp\/wp-json\/wp\/v2\/pages\/6642"}],"wp:attachment":[{"href":"https:\/\/www.arth-online.ch\/svp\/wp-json\/wp\/v2\/media?parent=6667"}],"curies":[{"name":"wp","href":"https:\/\/api.w.org\/{rel}","templated":true}]}}

<h2>Bund</h2>
<ul>
<li><strong style="background-color: Green; color: white;">JA</strong> zur Volksinitiative «Wahrung der schweizerischen Neutralität (Neutralitätsinitiative)» (BBl 2026 799);</li>
<li><strong style="background-color: Red; color: white;">NEIN</strong> zur Volksinitiative «Für eine sichere Ernährung – durch Stärkung einer nachhaltigen inländischen Produktion, mehr pflanzliche Lebensmittel und sauberes Trinkwasser (Ernährungsinitiative)» (BBl 2026 800).</li>
</ul>

<p>Bund JA zur Volksinitiative «Wahrung der schweizerischen Neutralität (Neutralitätsinitiative)» (BBl 2026 799); NEIN zur Volksinitiative «Für eine sichere Ernährung – durch Stärkung einer nachhaltigen inländischen Produktion, mehr pflanzliche Lebensmittel und &hellip; <a href="https://www.arth-online.ch/svp/abstimmungen/abstimmungen-2026/abstimmung-27-september-2026/" class="more-link"><span class="screen-reader-text">„Abstimmung 27. September 2026“ </span>weiterlesen</a></p>
