{"id":2831,"date":"2020-02-18T11:30:59","date_gmt":"2020-02-18T10:30:59","guid":{"rendered":"http:\/\/www.arth-online.ch\/svp\/?page_id=2831"},"modified":"2020-02-18T11:38:42","modified_gmt":"2020-02-18T10:38:42","slug":"manuela-jaeggi","status":"publish","type":"page","link":"https:\/\/www.arth-online.ch\/svp\/wahlen\/wahlen-2020\/wahlen-22-maerz-2020\/manuela-jaeggi\/","title":{"rendered":"Manuela J\u00e4ggi"},"content":{"rendered":"<h2>Am 22. M\u00e4rz 2020 In den Kantonsrat f\u00fcr Arth, Oberarth und Goldau!<\/h2>\n<p><img loading=\"lazy\" decoding=\"async\" src=\"http:\/\/www.arth-online.ch\/svp\/wp-content\/uploads\/sites\/2\/2020\/02\/kr2020-jaeggi_manuela-1024x706.jpg\" alt=\"\" width=\"840\" height=\"579\" class=\"alignnone size-large wp-image-2771\" srcset=\"https:\/\/www.arth-online.ch\/svp\/wp-content\/uploads\/sites\/2\/2020\/02\/kr2020-jaeggi_manuela-1024x706.jpg 1024w, https:\/\/www.arth-online.ch\/svp\/wp-content\/uploads\/sites\/2\/2020\/02\/kr2020-jaeggi_manuela-300x207.jpg 300w, https:\/\/www.arth-online.ch\/svp\/wp-content\/uploads\/sites\/2\/2020\/02\/kr2020-jaeggi_manuela-768x530.jpg 768w, https:\/\/www.arth-online.ch\/svp\/wp-content\/uploads\/sites\/2\/2020\/02\/kr2020-jaeggi_manuela.jpg 1064w\" sizes=\"auto, (max-width: 709px) 85vw, (max-width: 909px) 67vw, (max-width: 1362px) 62vw, 840px\" \/><\/p>\n<h2>Smartspider<\/h2>\n<p><img loading=\"lazy\" decoding=\"async\" src=\"http:\/\/www.arth-online.ch\/svp\/wp-content\/uploads\/sites\/2\/2020\/02\/smartspider_jaeggi_manuela.jpg\" alt=\"\" width=\"948\" height=\"949\" class=\"alignnone size-full wp-image-2833\" srcset=\"https:\/\/www.arth-online.ch\/svp\/wp-content\/uploads\/sites\/2\/2020\/02\/smartspider_jaeggi_manuela.jpg 948w, https:\/\/www.arth-online.ch\/svp\/wp-content\/uploads\/sites\/2\/2020\/02\/smartspider_jaeggi_manuela-300x300.jpg 300w, https:\/\/www.arth-online.ch\/svp\/wp-content\/uploads\/sites\/2\/2020\/02\/smartspider_jaeggi_manuela-150x150.jpg 150w, https:\/\/www.arth-online.ch\/svp\/wp-content\/uploads\/sites\/2\/2020\/02\/smartspider_jaeggi_manuela-768x769.jpg 768w\" sizes=\"auto, (max-width: 709px) 85vw, (max-width: 909px) 67vw, (max-width: 1362px) 62vw, 840px\" \/><\/p>\n<p>Aufgewachsen in Stans (NW), Schulen in Stans. Ausbildung als Hotelfachassistentin im 4*Hotel Belvedere, Hergiswil<br \/>\nSprachaufenthalt im Tessin<br \/>\nIm Sommer 2019 Ausbildung zur Hypnosetherapeutin<br \/>\nTeamleitung Service\/ Stv. Hauswirtschaftsleitung, Alterszentrum Neustadt, Zug<br \/>\nMitglied der Ortspartei SVP Arth-Oberarth-Goldau<\/p>\n<p><strong>Meine Ziele als Kantonsrat:<\/strong><\/p>\n<p>Ich m\u00f6chte aktiv bei der Kant. Kommission f\u00fcr Gesundheit und soziale Sicherheit mitwirken. Dabei ist es mir ein grosses Anliegen, dass Familien mit behinderten Kindern, Alleinerziehende, wie auch betagte Menschen besser unterst\u00fctzt werden, mit kompetenter Beratung, sozialen Einrichtungen, wie auch in finanzieller Hinsicht. Die Menschlichkeit und F\u00fcrsorge f\u00fcrs eigene Volk darf nicht vernachl\u00e4ssigt werden.<br \/>\nZu einem friedvollen Zusammenleben verschiedener Kulturen geh\u00f6ren Respekt und Anstand. Meine pers\u00f6nliche Meinung zur Einwanderungspolitik: Wer gerne in der Schweiz leben m\u00f6chte, muss zwingend unsere Kultur, unsere Werte, wie auch unsere Regeln und Gesetze verstehen, akzeptieren und auch umsetzen.<\/p>\n<p><em>F\u00fcr Ihre Unterst\u00fctzung und Ihr Vertrauen bedanke ich mich.<\/em><\/p>\n<p><a href=\"http:\/\/www.arth-online.ch\/svp\/wahlen\/wahlen-2020\/wahlen-22-maerz-2020\/\">Alle Kandidaten<\/a><\/p>\n","protected":false},"excerpt":{"rendered":"<p>Am 22. M\u00e4rz 2020 In den Kantonsrat f\u00fcr Arth, Oberarth und Goldau! Smartspider Aufgewachsen in Stans (NW), Schulen in Stans. Ausbildung als Hotelfachassistentin im 4*Hotel Belvedere, Hergiswil Sprachaufenthalt im Tessin &hellip; <a href=\"https:\/\/www.arth-online.ch\/svp\/wahlen\/wahlen-2020\/wahlen-22-maerz-2020\/manuela-jaeggi\/\" class=\"more-link\"><span class=\"screen-reader-text\">\u201eManuela J\u00e4ggi\u201c <\/span>weiterlesen<\/a><\/p>\n","protected":false},"author":1,"featured_media":0,"parent":2555,"menu_order":0,"comment_status":"closed","ping_status":"closed","template":"","meta":{"ngg_post_thumbnail":0,"footnotes":"","_links_to":"","_links_to_target":""},"class_list":["post-2831","page","type-page","status-publish","hentry"],"distributor_meta":false,"distributor_terms":false,"distributor_media":false,"distributor_original_site_name":"SVP Arth-Oberarth-Goldau","distributor_original_site_url":"https:\/\/www.arth-online.ch\/svp","push-errors":false,"_links":{"self":[{"href":"https:\/\/www.arth-online.ch\/svp\/wp-json\/wp\/v2\/pages\/2831","targetHints":{"allow":["GET"]}}],"collection":[{"href":"https:\/\/www.arth-online.ch\/svp\/wp-json\/wp\/v2\/pages"}],"about":[{"href":"https:\/\/www.arth-online.ch\/svp\/wp-json\/wp\/v2\/types\/page"}],"author":[{"embeddable":true,"href":"https:\/\/www.arth-online.ch\/svp\/wp-json\/wp\/v2\/users\/1"}],"replies":[{"embeddable":true,"href":"https:\/\/www.arth-online.ch\/svp\/wp-json\/wp\/v2\/comments?post=2831"}],"version-history":[{"count":2,"href":"https:\/\/www.arth-online.ch\/svp\/wp-json\/wp\/v2\/pages\/2831\/revisions"}],"predecessor-version":[{"id":2834,"href":"https:\/\/www.arth-online.ch\/svp\/wp-json\/wp\/v2\/pages\/2831\/revisions\/2834"}],"up":[{"embeddable":true,"href":"https:\/\/www.arth-online.ch\/svp\/wp-json\/wp\/v2\/pages\/2555"}],"wp:attachment":[{"href":"https:\/\/www.arth-online.ch\/svp\/wp-json\/wp\/v2\/media?parent=2831"}],"curies":[{"name":"wp","href":"https:\/\/api.w.org\/{rel}","templated":true}]}}

Manuela Jäggi

<h2>Am 22. März 2020 In den Kantonsrat für Arth, Oberarth und Goldau!</h2>
<p><img loading="lazy" decoding="async" src="http://www.arth-online.ch/svp/wp-content/uploads/sites/2/2020/02/kr2020-jaeggi_manuela-1024x706.jpg" alt="" width="840" height="579" class="alignnone size-large wp-image-2771" srcset="https://www.arth-online.ch/svp/wp-content/uploads/sites/2/2020/02/kr2020-jaeggi_manuela-1024x706.jpg 1024w, https://www.arth-online.ch/svp/wp-content/uploads/sites/2/2020/02/kr2020-jaeggi_manuela-300x207.jpg 300w, https://www.arth-online.ch/svp/wp-content/uploads/sites/2/2020/02/kr2020-jaeggi_manuela-768x530.jpg 768w, https://www.arth-online.ch/svp/wp-content/uploads/sites/2/2020/02/kr2020-jaeggi_manuela.jpg 1064w" sizes="auto, (max-width: 709px) 85vw, (max-width: 909px) 67vw, (max-width: 1362px) 62vw, 840px" /></p>
<h2>Smartspider</h2>
<p><img loading="lazy" decoding="async" src="http://www.arth-online.ch/svp/wp-content/uploads/sites/2/2020/02/smartspider_jaeggi_manuela.jpg" alt="" width="948" height="949" class="alignnone size-full wp-image-2833" srcset="https://www.arth-online.ch/svp/wp-content/uploads/sites/2/2020/02/smartspider_jaeggi_manuela.jpg 948w, https://www.arth-online.ch/svp/wp-content/uploads/sites/2/2020/02/smartspider_jaeggi_manuela-300x300.jpg 300w, https://www.arth-online.ch/svp/wp-content/uploads/sites/2/2020/02/smartspider_jaeggi_manuela-150x150.jpg 150w, https://www.arth-online.ch/svp/wp-content/uploads/sites/2/2020/02/smartspider_jaeggi_manuela-768x769.jpg 768w" sizes="auto, (max-width: 709px) 85vw, (max-width: 909px) 67vw, (max-width: 1362px) 62vw, 840px" /></p>
<p>Aufgewachsen in Stans (NW), Schulen in Stans. Ausbildung als Hotelfachassistentin im 4*Hotel Belvedere, Hergiswil<br />
Sprachaufenthalt im Tessin<br />
Im Sommer 2019 Ausbildung zur Hypnosetherapeutin<br />
Teamleitung Service/ Stv. Hauswirtschaftsleitung, Alterszentrum Neustadt, Zug<br />
Mitglied der Ortspartei SVP Arth-Oberarth-Goldau</p>
<p><strong>Meine Ziele als Kantonsrat:</strong></p>
<p>Ich möchte aktiv bei der Kant. Kommission für Gesundheit und soziale Sicherheit mitwirken. Dabei ist es mir ein grosses Anliegen, dass Familien mit behinderten Kindern, Alleinerziehende, wie auch betagte Menschen besser unterstützt werden, mit kompetenter Beratung, sozialen Einrichtungen, wie auch in finanzieller Hinsicht. Die Menschlichkeit und Fürsorge fürs eigene Volk darf nicht vernachlässigt werden.<br />
Zu einem friedvollen Zusammenleben verschiedener Kulturen gehören Respekt und Anstand. Meine persönliche Meinung zur Einwanderungspolitik: Wer gerne in der Schweiz leben möchte, muss zwingend unsere Kultur, unsere Werte, wie auch unsere Regeln und Gesetze verstehen, akzeptieren und auch umsetzen.</p>
<p><em>Für Ihre Unterstützung und Ihr Vertrauen bedanke ich mich.</em></p>
<p><a href="http://www.arth-online.ch/svp/wahlen/wahlen-2020/wahlen-22-maerz-2020/">Alle Kandidaten</a></p>

<p>Am 22. März 2020 In den Kantonsrat für Arth, Oberarth und Goldau! Smartspider Aufgewachsen in Stans (NW), Schulen in Stans. Ausbildung als Hotelfachassistentin im 4*Hotel Belvedere, Hergiswil Sprachaufenthalt im Tessin &hellip; <a href="https://www.arth-online.ch/svp/wahlen/wahlen-2020/wahlen-22-maerz-2020/manuela-jaeggi/" class="more-link"><span class="screen-reader-text">„Manuela Jäggi“ </span>weiterlesen</a></p>
