{"id":2817,"date":"2020-02-18T11:14:26","date_gmt":"2020-02-18T10:14:26","guid":{"rendered":"http:\/\/www.arth-online.ch\/svp\/?page_id=2817"},"modified":"2020-02-18T11:14:26","modified_gmt":"2020-02-18T10:14:26","slug":"roman-buergi","status":"publish","type":"page","link":"https:\/\/www.arth-online.ch\/svp\/wahlen\/wahlen-2020\/wahlen-22-maerz-2020\/roman-buergi\/","title":{"rendered":"Roman B\u00fcrgi"},"content":{"rendered":"<h2>Am 22. M\u00e4rz 2020 In den Kantonsrat f\u00fcr Arth, Oberarth und Goldau!<\/h2>\n<p><img loading=\"lazy\" decoding=\"async\" src=\"http:\/\/www.arth-online.ch\/svp\/wp-content\/uploads\/sites\/2\/2020\/02\/kr2020-buergi_roman-1024x705.jpg\" alt=\"\" width=\"840\" height=\"578\" class=\"alignnone size-large wp-image-2769\" srcset=\"https:\/\/www.arth-online.ch\/svp\/wp-content\/uploads\/sites\/2\/2020\/02\/kr2020-buergi_roman-1024x705.jpg 1024w, https:\/\/www.arth-online.ch\/svp\/wp-content\/uploads\/sites\/2\/2020\/02\/kr2020-buergi_roman-300x207.jpg 300w, https:\/\/www.arth-online.ch\/svp\/wp-content\/uploads\/sites\/2\/2020\/02\/kr2020-buergi_roman-768x529.jpg 768w, https:\/\/www.arth-online.ch\/svp\/wp-content\/uploads\/sites\/2\/2020\/02\/kr2020-buergi_roman.jpg 1064w\" sizes=\"auto, (max-width: 709px) 85vw, (max-width: 909px) 67vw, (max-width: 1362px) 62vw, 840px\" \/><\/p>\n<h2>Smartspider<\/h2>\n<p><img loading=\"lazy\" decoding=\"async\" src=\"http:\/\/www.arth-online.ch\/svp\/wp-content\/uploads\/sites\/2\/2020\/02\/smartspider_buergi_roman.jpg\" alt=\"\" width=\"948\" height=\"949\" class=\"alignnone size-full wp-image-2809\" srcset=\"https:\/\/www.arth-online.ch\/svp\/wp-content\/uploads\/sites\/2\/2020\/02\/smartspider_buergi_roman.jpg 948w, https:\/\/www.arth-online.ch\/svp\/wp-content\/uploads\/sites\/2\/2020\/02\/smartspider_buergi_roman-300x300.jpg 300w, https:\/\/www.arth-online.ch\/svp\/wp-content\/uploads\/sites\/2\/2020\/02\/smartspider_buergi_roman-150x150.jpg 150w, https:\/\/www.arth-online.ch\/svp\/wp-content\/uploads\/sites\/2\/2020\/02\/smartspider_buergi_roman-768x769.jpg 768w\" sizes=\"auto, (max-width: 709px) 85vw, (max-width: 909px) 67vw, (max-width: 1362px) 62vw, 840px\" \/><\/p>\n<p>Beruf Unternehmer \/ Aufgewachsen in Goldau \/ Schulen in Goldau und Oberarth<br \/>\nAusbildung als Carrosserie-Spengler, Absolvent Betriebsfachschule Luzern<br \/>\nGesch\u00e4ftsf\u00fchrer der B\u00fcrgi-Infra-Grill und K\u00fcchenmaschinen AG<br \/>\nMehrfacher Schweizermeister im Ringen. Ehrenpr\u00e4sident Ringerriege Brunnen<br \/>\nOK-Pr\u00e4sident mehrerer Schweizermeisterschaften im Ringen<br \/>\nVorstand SVP Ortspartei, Vice-Pr\u00e4sident SVP Kanton Schwyz. \/ Seit 2012 Kantonsrat,<br \/>\nKant. Kommission f\u00fcr Gesundheit und Soziale Sicherheit, Kant. Einb\u00fcrgerungskommission<\/p>\n<p><strong>Meine Zielsetzung als Kantonsrat:<\/strong><\/p>\n<p>Als Unternehmer sind f\u00fcr mich attraktive Rahmenbedingungen f\u00fcr Klein- und Mittelbetriebe wichtig. Erhaltung und Schaffung von Arbeitspl\u00e4tzen, f\u00fcr jeden Jugendlichen eine Ausbildungsm\u00f6glichkeit und somit sozialer Friede unter den Mitb\u00fcrgern. Mehr Freiheit \u2013 weniger Staat. Die Auffassung \u00abFreiheit, Toleranz und freie Marktwirtschaft\u00bb umschreiben meine Anschauung. Unter Freiheit meine ich nicht schrankenloses Tun und Treiben, jedoch die n\u00f6tige Selbstverantwortung jedes B\u00fcrgers. Nicht alles soll der Staat bis ins letzte Detail normieren. Eine auf die Schweiz zugeschnittene Ausl\u00e4nderpolitik, statt schrankenlose Zuwanderung. Es darf nicht sein, dass j\u00e4hrlich Tausende in unser Land einreisen und der Staat deren Unterhalt mitfinanzieren muss. An erster Stelle kommt das eigene Volk.<\/p>\n<p><em>Politisieren mit normalem Menschenverstand<\/em><\/p>\n<p><a href=\"http:\/\/www.arth-online.ch\/svp\/wahlen\/wahlen-2020\/wahlen-22-maerz-2020\/\">Alle Kandidaten<\/a><\/p>\n","protected":false},"excerpt":{"rendered":"<p>Am 22. M\u00e4rz 2020 In den Kantonsrat f\u00fcr Arth, Oberarth und Goldau! Smartspider Beruf Unternehmer \/ Aufgewachsen in Goldau \/ Schulen in Goldau und Oberarth Ausbildung als Carrosserie-Spengler, Absolvent Betriebsfachschule &hellip; <a href=\"https:\/\/www.arth-online.ch\/svp\/wahlen\/wahlen-2020\/wahlen-22-maerz-2020\/roman-buergi\/\" class=\"more-link\"><span class=\"screen-reader-text\">\u201eRoman B\u00fcrgi\u201c <\/span>weiterlesen<\/a><\/p>\n","protected":false},"author":1,"featured_media":0,"parent":2555,"menu_order":0,"comment_status":"closed","ping_status":"closed","template":"","meta":{"ngg_post_thumbnail":0,"footnotes":"","_links_to":"","_links_to_target":""},"class_list":["post-2817","page","type-page","status-publish","hentry"],"distributor_meta":false,"distributor_terms":false,"distributor_media":false,"distributor_original_site_name":"SVP Arth-Oberarth-Goldau","distributor_original_site_url":"https:\/\/www.arth-online.ch\/svp","push-errors":false,"_links":{"self":[{"href":"https:\/\/www.arth-online.ch\/svp\/wp-json\/wp\/v2\/pages\/2817","targetHints":{"allow":["GET"]}}],"collection":[{"href":"https:\/\/www.arth-online.ch\/svp\/wp-json\/wp\/v2\/pages"}],"about":[{"href":"https:\/\/www.arth-online.ch\/svp\/wp-json\/wp\/v2\/types\/page"}],"author":[{"embeddable":true,"href":"https:\/\/www.arth-online.ch\/svp\/wp-json\/wp\/v2\/users\/1"}],"replies":[{"embeddable":true,"href":"https:\/\/www.arth-online.ch\/svp\/wp-json\/wp\/v2\/comments?post=2817"}],"version-history":[{"count":1,"href":"https:\/\/www.arth-online.ch\/svp\/wp-json\/wp\/v2\/pages\/2817\/revisions"}],"predecessor-version":[{"id":2818,"href":"https:\/\/www.arth-online.ch\/svp\/wp-json\/wp\/v2\/pages\/2817\/revisions\/2818"}],"up":[{"embeddable":true,"href":"https:\/\/www.arth-online.ch\/svp\/wp-json\/wp\/v2\/pages\/2555"}],"wp:attachment":[{"href":"https:\/\/www.arth-online.ch\/svp\/wp-json\/wp\/v2\/media?parent=2817"}],"curies":[{"name":"wp","href":"https:\/\/api.w.org\/{rel}","templated":true}]}}

Roman Bürgi

<h2>Am 22. März 2020 In den Kantonsrat für Arth, Oberarth und Goldau!</h2>
<p><img loading="lazy" decoding="async" src="http://www.arth-online.ch/svp/wp-content/uploads/sites/2/2020/02/kr2020-buergi_roman-1024x705.jpg" alt="" width="840" height="578" class="alignnone size-large wp-image-2769" srcset="https://www.arth-online.ch/svp/wp-content/uploads/sites/2/2020/02/kr2020-buergi_roman-1024x705.jpg 1024w, https://www.arth-online.ch/svp/wp-content/uploads/sites/2/2020/02/kr2020-buergi_roman-300x207.jpg 300w, https://www.arth-online.ch/svp/wp-content/uploads/sites/2/2020/02/kr2020-buergi_roman-768x529.jpg 768w, https://www.arth-online.ch/svp/wp-content/uploads/sites/2/2020/02/kr2020-buergi_roman.jpg 1064w" sizes="auto, (max-width: 709px) 85vw, (max-width: 909px) 67vw, (max-width: 1362px) 62vw, 840px" /></p>
<h2>Smartspider</h2>
<p><img loading="lazy" decoding="async" src="http://www.arth-online.ch/svp/wp-content/uploads/sites/2/2020/02/smartspider_buergi_roman.jpg" alt="" width="948" height="949" class="alignnone size-full wp-image-2809" srcset="https://www.arth-online.ch/svp/wp-content/uploads/sites/2/2020/02/smartspider_buergi_roman.jpg 948w, https://www.arth-online.ch/svp/wp-content/uploads/sites/2/2020/02/smartspider_buergi_roman-300x300.jpg 300w, https://www.arth-online.ch/svp/wp-content/uploads/sites/2/2020/02/smartspider_buergi_roman-150x150.jpg 150w, https://www.arth-online.ch/svp/wp-content/uploads/sites/2/2020/02/smartspider_buergi_roman-768x769.jpg 768w" sizes="auto, (max-width: 709px) 85vw, (max-width: 909px) 67vw, (max-width: 1362px) 62vw, 840px" /></p>
<p>Beruf Unternehmer / Aufgewachsen in Goldau / Schulen in Goldau und Oberarth<br />
Ausbildung als Carrosserie-Spengler, Absolvent Betriebsfachschule Luzern<br />
Geschäftsführer der Bürgi-Infra-Grill und Küchenmaschinen AG<br />
Mehrfacher Schweizermeister im Ringen. Ehrenpräsident Ringerriege Brunnen<br />
OK-Präsident mehrerer Schweizermeisterschaften im Ringen<br />
Vorstand SVP Ortspartei, Vice-Präsident SVP Kanton Schwyz. / Seit 2012 Kantonsrat,<br />
Kant. Kommission für Gesundheit und Soziale Sicherheit, Kant. Einbürgerungskommission</p>
<p><strong>Meine Zielsetzung als Kantonsrat:</strong></p>
<p>Als Unternehmer sind für mich attraktive Rahmenbedingungen für Klein- und Mittelbetriebe wichtig. Erhaltung und Schaffung von Arbeitsplätzen, für jeden Jugendlichen eine Ausbildungsmöglichkeit und somit sozialer Friede unter den Mitbürgern. Mehr Freiheit – weniger Staat. Die Auffassung «Freiheit, Toleranz und freie Marktwirtschaft» umschreiben meine Anschauung. Unter Freiheit meine ich nicht schrankenloses Tun und Treiben, jedoch die nötige Selbstverantwortung jedes Bürgers. Nicht alles soll der Staat bis ins letzte Detail normieren. Eine auf die Schweiz zugeschnittene Ausländerpolitik, statt schrankenlose Zuwanderung. Es darf nicht sein, dass jährlich Tausende in unser Land einreisen und der Staat deren Unterhalt mitfinanzieren muss. An erster Stelle kommt das eigene Volk.</p>
<p><em>Politisieren mit normalem Menschenverstand</em></p>
<p><a href="http://www.arth-online.ch/svp/wahlen/wahlen-2020/wahlen-22-maerz-2020/">Alle Kandidaten</a></p>

<p>Am 22. März 2020 In den Kantonsrat für Arth, Oberarth und Goldau! Smartspider Beruf Unternehmer / Aufgewachsen in Goldau / Schulen in Goldau und Oberarth Ausbildung als Carrosserie-Spengler, Absolvent Betriebsfachschule &hellip; <a href="https://www.arth-online.ch/svp/wahlen/wahlen-2020/wahlen-22-maerz-2020/roman-buergi/" class="more-link"><span class="screen-reader-text">„Roman Bürgi“ </span>weiterlesen</a></p>
