{"id":2037,"date":"2015-10-10T21:50:01","date_gmt":"2015-10-10T19:50:01","guid":{"rendered":"http:\/\/svp.arth-online.ch\/ortssektion\/"},"modified":"2021-10-06T16:15:56","modified_gmt":"2021-10-06T14:15:56","slug":"ortssektion","status":"publish","type":"page","link":"https:\/\/www.arth-online.ch\/svp\/partei\/ortssektion\/","title":{"rendered":"Ortssektion"},"content":{"rendered":"<p>Die aufstrebende Partei im neuen Jahrtausend auch in den drei Ortschaften Arth &#8211; Oberarth &#8211; Goldau<\/p>\n<p>Die w\u00e4hlerst\u00e4rkste Partei im Kanton Schwyz &#8211; ebenso stark in der Gemeindepolitik! Dies ist ein starkes Bekenntnis der Verantwortlichen in unserer Partei, welches zugleich das gesetzte Ziel erkennen l\u00e4sst.<\/p>\n<p>Seit Bestehen der SVP-Ortssektion Arth-Oberarth-Goldau hat sich die Partei laufend entwickelt und sie ist zu einer starken politischen Kraft in der Gemeinde geworden. Dies ist ein deutliches Zeichen, dass in unserer Gemeinde wesentlich mehr Stimmb\u00fcrgerinnen und Stimmb\u00fcrger f\u00fcr eine Politik der SVP sind, als es gewisse Kreise und die Medien sehen m\u00f6chten.<\/p>\n<p>Die Politik auf kommunaler Ebene gleicht nicht immer der Politik im Kanton oder gar auf Stufe des Bundes. Doch in den Grundlinien sind wir eine Partei &#8211; auf allen Stufen!<\/p>\n<p>Um das oben erw\u00e4hnte Ziel erreichen zu k\u00f6nnen, ist die SVP Arth-Oberarth-Goldau offen f\u00fcr aktive Mitglieder, welche sich stark einsetzen f\u00fcr:<\/p>\n<div class=\"wc-shortcodes-row wc-shortcodes-item wc-shortcodes-clearfix\">\n<div class=\"wc-shortcodes-column wc-shortcodes-content wc-shortcodes-one-half wc-shortcodes-column-first \">\n<ul>\n<li>einen gesunden Mittelstand<\/li>\n<li>innovative KMU<\/li>\n<li>eine leistungsf\u00e4hige Landwirtschaft<\/li>\n<\/ul>\n<\/div>\n<div class=\"wc-shortcodes-column wc-shortcodes-content wc-shortcodes-one-half wc-shortcodes-column-last \">\n<ul>\n<li>faire Gemeindepolitik<\/li>\n<li>nachhaltige Umweltpolitik<\/li>\n<li>den Erhalt der traditionellen Werte<\/li>\n<\/ul>\n<\/div>\n<\/div>\n<p>Eine neue F\u00fchrungsmannschaft im <a href=\"http:\/\/www.arth-online.ch\/svp\/vorstand\/\">Vorstand<\/a> und solide Vertreter im <a href=\"http:\/\/www.arth-online.ch\/svp\/unsere-vertreter\/gemeinderat\/\">Gemeinde-<\/a>, <a href=\"http:\/\/www.arth-online.ch\/svp\/unsere-vertreter\/bezirksrat\/\">Bezirks-<\/a> und <a href=\"http:\/\/www.arth-online.ch\/svp\/unsere-vertreter\/kantonsrat\/\">Kantonsrat<\/a> garantieren, dass die Anliegen der Bev\u00f6lkerung geh\u00f6rt, verstanden und umgesetzt werden.<\/p>\n<figure id=\"attachment_797\" aria-describedby=\"caption-attachment-797\" style=\"width: 840px\" class=\"wp-caption alignnone\"><img loading=\"lazy\" decoding=\"async\" class=\"size-large wp-image-797\" src=\"http:\/\/www.arth-online.ch\/svp\/wp-content\/uploads\/sites\/2\/2015\/10\/IMG_1596-1024x683.jpg\" alt=\"\" width=\"840\" height=\"560\" srcset=\"https:\/\/www.arth-online.ch\/svp\/wp-content\/uploads\/sites\/2\/2015\/10\/IMG_1596-1024x683.jpg 1024w, https:\/\/www.arth-online.ch\/svp\/wp-content\/uploads\/sites\/2\/2015\/10\/IMG_1596-300x200.jpg 300w, https:\/\/www.arth-online.ch\/svp\/wp-content\/uploads\/sites\/2\/2015\/10\/IMG_1596-768x512.jpg 768w, https:\/\/www.arth-online.ch\/svp\/wp-content\/uploads\/sites\/2\/2015\/10\/IMG_1596-1200x800.jpg 1200w\" sizes=\"auto, (max-width: 709px) 85vw, (max-width: 909px) 67vw, (max-width: 1362px) 62vw, 840px\" \/><figcaption id=\"caption-attachment-797\" class=\"wp-caption-text\">Die Gemeinde Arth, bestehend aus den Ortschaften Arth. Oberarth und Goldau<\/figcaption><\/figure>\n<p><!--<i class=\"fa fa-file-pdf-o\" aria-hidden=\"true\"><\/i> <a href=\"http:\/\/www.arth-online.ch\/svp\/wp-content\/uploads\/sites\/2\/2020\/08\/parteiprogramm_2016-2020.pdf\">Parteiprogramm<\/a> 2016-2020 SVP Kanton Schwyz--><\/p>\n<p><i class=\"fa fa-file-pdf-o\" aria-hidden=\"true\"><\/i> <a href=\"http:\/\/www.arth-online.ch\/svp\/wp-content\/uploads\/sites\/2\/2021\/10\/parteiprogramm-21-24.pdf\">Parteiprogramm<\/a> 2021-2024 SVP Kanton Schwyz <\/p>\n","protected":false},"excerpt":{"rendered":"<p>Die aufstrebende Partei im neuen Jahrtausend auch in den drei Ortschaften Arth &#8211; Oberarth &#8211; Goldau Die w\u00e4hlerst\u00e4rkste Partei im Kanton Schwyz &#8211; ebenso stark in der Gemeindepolitik! Dies ist &hellip; <a href=\"https:\/\/www.arth-online.ch\/svp\/partei\/ortssektion\/\" class=\"more-link\"><span class=\"screen-reader-text\">\u201eOrtssektion\u201c <\/span>weiterlesen<\/a><\/p>\n","protected":false},"author":1,"featured_media":0,"parent":2045,"menu_order":0,"comment_status":"closed","ping_status":"closed","template":"","meta":{"ngg_post_thumbnail":0,"footnotes":"","_links_to":"","_links_to_target":""},"class_list":["post-2037","page","type-page","status-publish","hentry"],"distributor_meta":false,"distributor_terms":false,"distributor_media":false,"distributor_original_site_name":"SVP Arth-Oberarth-Goldau","distributor_original_site_url":"https:\/\/www.arth-online.ch\/svp","push-errors":false,"_links":{"self":[{"href":"https:\/\/www.arth-online.ch\/svp\/wp-json\/wp\/v2\/pages\/2037","targetHints":{"allow":["GET"]}}],"collection":[{"href":"https:\/\/www.arth-online.ch\/svp\/wp-json\/wp\/v2\/pages"}],"about":[{"href":"https:\/\/www.arth-online.ch\/svp\/wp-json\/wp\/v2\/types\/page"}],"author":[{"embeddable":true,"href":"https:\/\/www.arth-online.ch\/svp\/wp-json\/wp\/v2\/users\/1"}],"replies":[{"embeddable":true,"href":"https:\/\/www.arth-online.ch\/svp\/wp-json\/wp\/v2\/comments?post=2037"}],"version-history":[{"count":4,"href":"https:\/\/www.arth-online.ch\/svp\/wp-json\/wp\/v2\/pages\/2037\/revisions"}],"predecessor-version":[{"id":3965,"href":"https:\/\/www.arth-online.ch\/svp\/wp-json\/wp\/v2\/pages\/2037\/revisions\/3965"}],"up":[{"embeddable":true,"href":"https:\/\/www.arth-online.ch\/svp\/wp-json\/wp\/v2\/pages\/2045"}],"wp:attachment":[{"href":"https:\/\/www.arth-online.ch\/svp\/wp-json\/wp\/v2\/media?parent=2037"}],"curies":[{"name":"wp","href":"https:\/\/api.w.org\/{rel}","templated":true}]}}