{"id":2032,"date":"2015-10-10T21:50:01","date_gmt":"2015-10-10T19:50:01","guid":{"rendered":"http:\/\/svp.arth-online.ch\/abstimmungen\/2009-2\/29-november\/"},"modified":"2015-10-10T21:50:01","modified_gmt":"2015-10-10T19:50:01","slug":"abstimmung-29-november-2009","status":"publish","type":"page","link":"https:\/\/www.arth-online.ch\/svp\/abstimmungen\/abstimmungen-2009\/abstimmung-29-november-2009\/","title":{"rendered":"Abstimmung 29. November 2009"},"content":{"rendered":"<h2>Abstimmungsempfehlungen<\/h2>\n<h3>BUND<\/h3>\n<p><strong style=\"color:red\">NEIN<\/strong> zum Bundesbeschluss zur Schaffung einer Spezialfinanzierung f\u00fcr Aufgaben im Luftverkehr<br \/>\n<strong style=\"color:red\">NEIN<\/strong> zur Volksinitiative &#8222;F\u00fcr ein Verbot von Kriegsmaterial-Exporten&#8220;<br \/>\n<strong style=\"color:green\">JA<\/strong> zur Volksinitiative &#8222;Gegen den Bau von Minaretten&#8220;<\/p>\n<h3>KANTON<\/h3>\n<p><strong style=\"color:red\">NEIN<\/strong> zum kantonalen Energiegesetz vom 16. September 2009<br \/>\n<strong style=\"color:red\">NEIN<\/strong> zur Initiative &#8222;F\u00fcr eine aktive Schwyzer Energiepolitik &#8211; Mehr Energieeffizienz und erneuerbare Energien&#8220;<br \/>\n<strong style=\"color:red\">NEIN<\/strong> zur \u00c4nderung des Gesetzes \u00fcber die F\u00f6rderung des \u00f6ffentlichen Verkehrs vom 24. Juni 2009<\/p>\n<h3>Im Namen der Religionsfreiheit<\/h3>\n<p><img loading=\"lazy\" decoding=\"async\" src=\"http:\/\/www.arth-online.ch\/svp\/wp-content\/uploads\/sites\/2\/2019\/10\/Plakat_250_02.gif\" alt=\"\" width=\"250\" height=\"357\" class=\"alignleft size-full wp-image-2006\" \/>Gegner der Minarett-Initiative f\u00fchren immer wieder das Argument an, dass man alle Religionen gleich behandeln m\u00fcsse. Dabei vergleichen sie den Islam, ohne diesen wirklich zu kennen, leichtfertig mit anderen Religionen.<\/p>\n<p>Verschiedene Religionen undifferenziert auf dieselbe Ebene zu stellen ist grob fahrl\u00e4ssig und dient einer ausgewogenen Diskussion \u00fcber die kommende Abstimmung \u00fcberhaupt nicht. Man sollte beispielsweise zwischen Religionen, welche die Glaubens- und Gewissensfreiheit respektieren und solchen die das nicht tun, klar unterscheiden.<\/p>\n<p>Das islamische Recht kennt keine Glaubensfreiheit. Ein Beispiel: Gem\u00e4ss allgemeiner Auffassung ist Apostasie (Abfall vom Islam, Austritt aus dem islamischen Glauben) ein Verstoss gegen Gottesrecht. Muslime, die vom Islam abfallen, m\u00fcssen mit Bestrafung rechnen. Gem\u00e4ss verbreiteter Auffassung ist dieses Vergehen mit dem Tod zu bestrafen (abgeleitet von Koransure 2, Vers 217, Koransure 4, Vers 137-138 und Koransure 5, Vers 21).<\/p>\n<p>Wie weit es mit der Glaubens- und Gewissenfreiheit im Islam bestellt ist, sieht man auch am Beispiel des Schriftstellers Salman Rusdhie. Gegen diesen wurde wegen seines literarischen Werks mit dem Namen \u201cSatanische Verse\u201d vom obersten Geistlichen des Irans eine Fatwa (Aufruf Rushdie zu ermorden) verh\u00e4ngt. Auch der deutsche Buchautor und Islamkritiker Udo Ulfkotte erhielt hunderte von Morddrohungen und musste mittlerweile an einen unbekannten Ort im Ausland fl\u00fcchten. Die Devise lautet also: Alle, die den Islam kritisieren oder sich von ihm abwenden, m\u00fcssen damit rechnen, daf\u00fcr mit ihrem Leben zu bezahlen. Dies verst\u00f6sst gleich in mehrfacher Hinsicht gegen unsere Bundesverfassung; namentlich gegen Art. 10 (Verbot der Todesstrafe), Art. 15 (&#8222;Jede Person hat das Recht, ihre Religion und ihre weltanschauliche \u00dcberzeugung frei zu w\u00e4hlen&#8230;&#8220;) und gegen Art. 16 (Meinungs\u00e4usserungsfreiheit). Der Islam ist offensichtlich nicht mit unserer abendl\u00e4ndischen Kultur vereinbar.<\/p>\n<p>K\u00f6nnen wir Religionen, welche dermassen totalit\u00e4res Gedankengut in sich bergen, tats\u00e4chlich im Rahmen der Glaubens- und Gewissensfreiheit bzw. unter dem Vorwand der Religionsfreiheit tolerieren? Oder anders gefragt: Wie glaubw\u00fcrdig ist es, wenn Vertreter des Islams im Vorfeld der Abstimmung \u00fcber die Minarettinitiative die schweizerische Religionsfreiheit f\u00fcr sich beanspruchen wollen, der Islam nach weitverbreiteter Auffassung den anderen Religionen jedoch kein solches Recht zugestehen will?<\/p>\n<p>Diese Fragen gilt es bis im November dieses Jahres gr\u00fcndlich zu \u00fcberdenken. Dann n\u00e4mlich kommt die Minarettinitiative vors Volk.<\/p>\n<p><em>Olivier Kessler<br \/>\nKantonalsekret\u00e4r SVP SZ<\/em><\/p>\n","protected":false},"excerpt":{"rendered":"<p>Abstimmungsempfehlungen BUND NEIN zum Bundesbeschluss zur Schaffung einer Spezialfinanzierung f\u00fcr Aufgaben im Luftverkehr NEIN zur Volksinitiative &#8222;F\u00fcr ein Verbot von Kriegsmaterial-Exporten&#8220; JA zur Volksinitiative &#8222;Gegen den Bau von Minaretten&#8220; KANTON &hellip; <a href=\"https:\/\/www.arth-online.ch\/svp\/abstimmungen\/abstimmungen-2009\/abstimmung-29-november-2009\/\" class=\"more-link\"><span class=\"screen-reader-text\">\u201eAbstimmung 29. November 2009\u201c <\/span>weiterlesen<\/a><\/p>\n","protected":false},"author":1,"featured_media":0,"parent":2031,"menu_order":0,"comment_status":"closed","ping_status":"closed","template":"","meta":{"ngg_post_thumbnail":0,"footnotes":"","_links_to":"","_links_to_target":""},"class_list":["post-2032","page","type-page","status-publish","hentry"],"distributor_meta":false,"distributor_terms":false,"distributor_media":false,"distributor_original_site_name":"SVP Arth-Oberarth-Goldau","distributor_original_site_url":"https:\/\/www.arth-online.ch\/svp","push-errors":false,"_links":{"self":[{"href":"https:\/\/www.arth-online.ch\/svp\/wp-json\/wp\/v2\/pages\/2032","targetHints":{"allow":["GET"]}}],"collection":[{"href":"https:\/\/www.arth-online.ch\/svp\/wp-json\/wp\/v2\/pages"}],"about":[{"href":"https:\/\/www.arth-online.ch\/svp\/wp-json\/wp\/v2\/types\/page"}],"author":[{"embeddable":true,"href":"https:\/\/www.arth-online.ch\/svp\/wp-json\/wp\/v2\/users\/1"}],"replies":[{"embeddable":true,"href":"https:\/\/www.arth-online.ch\/svp\/wp-json\/wp\/v2\/comments?post=2032"}],"version-history":[{"count":0,"href":"https:\/\/www.arth-online.ch\/svp\/wp-json\/wp\/v2\/pages\/2032\/revisions"}],"up":[{"embeddable":true,"href":"https:\/\/www.arth-online.ch\/svp\/wp-json\/wp\/v2\/pages\/2031"}],"wp:attachment":[{"href":"https:\/\/www.arth-online.ch\/svp\/wp-json\/wp\/v2\/media?parent=2032"}],"curies":[{"name":"wp","href":"https:\/\/api.w.org\/{rel}","templated":true}]}}

<h2>Abstimmungsempfehlungen</h2>
<h3>BUND</h3>
<p><strong style="color:red">NEIN</strong> zum Bundesbeschluss zur Schaffung einer Spezialfinanzierung für Aufgaben im Luftverkehr<br />
<strong style="color:red">NEIN</strong> zur Volksinitiative &#8222;Für ein Verbot von Kriegsmaterial-Exporten&#8220;<br />
<strong style="color:green">JA</strong> zur Volksinitiative &#8222;Gegen den Bau von Minaretten&#8220;</p>
<h3>KANTON</h3>
<p><strong style="color:red">NEIN</strong> zum kantonalen Energiegesetz vom 16. September 2009<br />
<strong style="color:red">NEIN</strong> zur Initiative &#8222;Für eine aktive Schwyzer Energiepolitik &#8211; Mehr Energieeffizienz und erneuerbare Energien&#8220;<br />
<strong style="color:red">NEIN</strong> zur Änderung des Gesetzes über die Förderung des öffentlichen Verkehrs vom 24. Juni 2009</p>
<h3>Im Namen der Religionsfreiheit</h3>
<p><img loading="lazy" decoding="async" src="http://www.arth-online.ch/svp/wp-content/uploads/sites/2/2019/10/Plakat_250_02.gif" alt="" width="250" height="357" class="alignleft size-full wp-image-2006" />Gegner der Minarett-Initiative führen immer wieder das Argument an, dass man alle Religionen gleich behandeln müsse. Dabei vergleichen sie den Islam, ohne diesen wirklich zu kennen, leichtfertig mit anderen Religionen.</p>
<p>Verschiedene Religionen undifferenziert auf dieselbe Ebene zu stellen ist grob fahrlässig und dient einer ausgewogenen Diskussion über die kommende Abstimmung überhaupt nicht. Man sollte beispielsweise zwischen Religionen, welche die Glaubens- und Gewissensfreiheit respektieren und solchen die das nicht tun, klar unterscheiden.</p>
<p>Das islamische Recht kennt keine Glaubensfreiheit. Ein Beispiel: Gemäss allgemeiner Auffassung ist Apostasie (Abfall vom Islam, Austritt aus dem islamischen Glauben) ein Verstoss gegen Gottesrecht. Muslime, die vom Islam abfallen, müssen mit Bestrafung rechnen. Gemäss verbreiteter Auffassung ist dieses Vergehen mit dem Tod zu bestrafen (abgeleitet von Koransure 2, Vers 217, Koransure 4, Vers 137-138 und Koransure 5, Vers 21).</p>
<p>Wie weit es mit der Glaubens- und Gewissenfreiheit im Islam bestellt ist, sieht man auch am Beispiel des Schriftstellers Salman Rusdhie. Gegen diesen wurde wegen seines literarischen Werks mit dem Namen “Satanische Verse” vom obersten Geistlichen des Irans eine Fatwa (Aufruf Rushdie zu ermorden) verhängt. Auch der deutsche Buchautor und Islamkritiker Udo Ulfkotte erhielt hunderte von Morddrohungen und musste mittlerweile an einen unbekannten Ort im Ausland flüchten. Die Devise lautet also: Alle, die den Islam kritisieren oder sich von ihm abwenden, müssen damit rechnen, dafür mit ihrem Leben zu bezahlen. Dies verstösst gleich in mehrfacher Hinsicht gegen unsere Bundesverfassung; namentlich gegen Art. 10 (Verbot der Todesstrafe), Art. 15 (&#8222;Jede Person hat das Recht, ihre Religion und ihre weltanschauliche Überzeugung frei zu wählen&#8230;&#8220;) und gegen Art. 16 (Meinungsäusserungsfreiheit). Der Islam ist offensichtlich nicht mit unserer abendländischen Kultur vereinbar.</p>
<p>Können wir Religionen, welche dermassen totalitäres Gedankengut in sich bergen, tatsächlich im Rahmen der Glaubens- und Gewissensfreiheit bzw. unter dem Vorwand der Religionsfreiheit tolerieren? Oder anders gefragt: Wie glaubwürdig ist es, wenn Vertreter des Islams im Vorfeld der Abstimmung über die Minarettinitiative die schweizerische Religionsfreiheit für sich beanspruchen wollen, der Islam nach weitverbreiteter Auffassung den anderen Religionen jedoch kein solches Recht zugestehen will?</p>
<p>Diese Fragen gilt es bis im November dieses Jahres gründlich zu überdenken. Dann nämlich kommt die Minarettinitiative vors Volk.</p>
<p><em>Olivier Kessler<br />
Kantonalsekretär SVP SZ</em></p>

<p>Abstimmungsempfehlungen BUND NEIN zum Bundesbeschluss zur Schaffung einer Spezialfinanzierung für Aufgaben im Luftverkehr NEIN zur Volksinitiative &#8222;Für ein Verbot von Kriegsmaterial-Exporten&#8220; JA zur Volksinitiative &#8222;Gegen den Bau von Minaretten&#8220; KANTON &hellip; <a href="https://www.arth-online.ch/svp/abstimmungen/abstimmungen-2009/abstimmung-29-november-2009/" class="more-link"><span class="screen-reader-text">„Abstimmung 29. November 2009“ </span>weiterlesen</a></p>
