{"id":24,"date":"2019-10-29T11:11:14","date_gmt":"2019-10-29T10:11:14","guid":{"rendered":"http:\/\/www.arth-online.ch\/raegeboge\/?page_id=24"},"modified":"2022-01-12T11:33:26","modified_gmt":"2022-01-12T10:33:26","slug":"leiterin","status":"publish","type":"page","link":"https:\/\/www.arth-online.ch\/raegeboge\/leiterin\/","title":{"rendered":"Leiterin"},"content":{"rendered":"<h2>Berna Weber<\/h2>\n<p><img loading=\"lazy\" decoding=\"async\" src=\"http:\/\/www.arth-online.ch\/raegeboge\/wp-content\/uploads\/sites\/4\/2019\/10\/berna_2019-214x300.jpg\" alt=\"\" width=\"214\" height=\"300\" class=\"alignright size-medium wp-image-60\" srcset=\"https:\/\/www.arth-online.ch\/raegeboge\/wp-content\/uploads\/sites\/4\/2019\/10\/berna_2019-214x300.jpg 214w, https:\/\/www.arth-online.ch\/raegeboge\/wp-content\/uploads\/sites\/4\/2019\/10\/berna_2019-768x1075.jpg 768w, https:\/\/www.arth-online.ch\/raegeboge\/wp-content\/uploads\/sites\/4\/2019\/10\/berna_2019-731x1024.jpg 731w, https:\/\/www.arth-online.ch\/raegeboge\/wp-content\/uploads\/sites\/4\/2019\/10\/berna_2019-1200x1680.jpg 1200w\" sizes=\"auto, (max-width: 214px) 85vw, 214px\" \/><\/p>\n<ul>\n<li>Mitglied der IGSGS( Interessengemeinschaft der Spielgruppenleiterinnen des Kanton Schwyz)<\/li>\n<li>Mitglied des SSLV( Schw. Spielgruppen- Leiterin &#8211; Verband)<\/li>\n<\/ul>\n<table>\n<tr>\n<td>1984<\/td>\n<td>Ausbildung zur Kindererzieherin<\/td>\n<\/tr>\n<tr>\n<td>1988<\/td>\n<td>Gr\u00fcndung der Spielgruppe in Walchwil<\/td>\n<\/tr>\n<tr>\n<td>1990<\/td>\n<td>Spielgruppenleiterin im Pinocchio Arth<\/td>\n<\/tr>\n<tr>\n<td>1994<\/td>\n<td>Gr\u00fcndung der Spielgruppe R\u00e4geboge in Arth<\/td>\n<\/tr>\n<tr>\n<td>2004<\/td>\n<td>Ausbildung zur Waldspielgruppenleiterin<\/td>\n<\/tr>\n<tr>\n<td>2009\/11<\/td>\n<td>Ausbildung zur M\u00e4rchenerz\u00e4hlerin<\/td>\n<\/tr>\n<tr>\n<td>2016<\/td>\n<td>1. Kinderbilderbuch &#8222;Milo und der K\u00e4mpfer im Wald&#8220;, <br \/>Thema: Angst &#8211; sich wehren<\/td>\n<\/tr>\n<tr>\n<td>2018<\/td>\n<td>2. Kinderbilderbuch &#8222;Milo und das Missgeschick&#8220;<br \/>Thema: Mobbing<\/td>\n<\/tr>\n<tr>\n<td>2019<\/td>\n<td>Purzelbaum-Zertifikat &#8211; mehr Bewegung und gesunde Ern\u00e4hrung in unserer Spielgruppe &#8211; <a href=\"http:\/\/www.radix.ch\">www.radix.ch<\/a><\/td>\n<\/tr>\n<tr>\n<td>2021<\/td>\n<td>3. Kinderbilderbuch &#8222;Milo und der besondere Freund&#8220;<br \/>Thema: Handicap &#8211; Anders sein<\/td>\n<\/tr>\n<\/table>\n","protected":false},"excerpt":{"rendered":"<p>Berna Weber Mitglied der IGSGS( Interessengemeinschaft der Spielgruppenleiterinnen des Kanton Schwyz) Mitglied des SSLV( Schw. Spielgruppen- Leiterin &#8211; Verband) 1984 Ausbildung zur Kindererzieherin 1988 Gr\u00fcndung der Spielgruppe in Walchwil 1990 Spielgruppenleiterin im Pinocchio Arth 1994 Gr\u00fcndung der Spielgruppe R\u00e4geboge in Arth 2004 Ausbildung zur Waldspielgruppenleiterin 2009\/11 Ausbildung zur M\u00e4rchenerz\u00e4hlerin 2016 1. Kinderbilderbuch &#8222;Milo und der &hellip; <a href=\"https:\/\/www.arth-online.ch\/raegeboge\/leiterin\/\" class=\"more-link\"><span class=\"screen-reader-text\">\u201eLeiterin\u201c <\/span>weiterlesen<\/a><\/p>\n","protected":false},"author":1,"featured_media":0,"parent":0,"menu_order":0,"comment_status":"closed","ping_status":"closed","template":"","meta":{"ngg_post_thumbnail":0,"footnotes":""},"class_list":["post-24","page","type-page","status-publish","hentry"],"_links":{"self":[{"href":"https:\/\/www.arth-online.ch\/raegeboge\/wp-json\/wp\/v2\/pages\/24","targetHints":{"allow":["GET"]}}],"collection":[{"href":"https:\/\/www.arth-online.ch\/raegeboge\/wp-json\/wp\/v2\/pages"}],"about":[{"href":"https:\/\/www.arth-online.ch\/raegeboge\/wp-json\/wp\/v2\/types\/page"}],"author":[{"embeddable":true,"href":"https:\/\/www.arth-online.ch\/raegeboge\/wp-json\/wp\/v2\/users\/1"}],"replies":[{"embeddable":true,"href":"https:\/\/www.arth-online.ch\/raegeboge\/wp-json\/wp\/v2\/comments?post=24"}],"version-history":[{"count":9,"href":"https:\/\/www.arth-online.ch\/raegeboge\/wp-json\/wp\/v2\/pages\/24\/revisions"}],"predecessor-version":[{"id":342,"href":"https:\/\/www.arth-online.ch\/raegeboge\/wp-json\/wp\/v2\/pages\/24\/revisions\/342"}],"wp:attachment":[{"href":"https:\/\/www.arth-online.ch\/raegeboge\/wp-json\/wp\/v2\/media?parent=24"}],"curies":[{"name":"wp","href":"https:\/\/api.w.org\/{rel}","templated":true}]}}