{"id":9,"date":"2019-11-06T20:11:14","date_gmt":"2019-11-06T19:11:14","guid":{"rendered":"http:\/\/www.arth-online.ch\/maerchenhimmel\/?page_id=9"},"modified":"2026-04-05T17:58:06","modified_gmt":"2026-04-05T15:58:06","slug":"veranstaltungen","status":"publish","type":"page","link":"https:\/\/www.arth-online.ch\/maerchenhimmel\/veranstaltungen\/","title":{"rendered":"Veranstaltungen"},"content":{"rendered":"<h2>Veranstaltungskalender<\/h2>\n<p>HERZLICH WILLKOMMEN IM VERANSTALTUNGSKALENDER!<\/p>\n<p>Hier finden Sie Infos zu:<\/p>\n<div class=\"wc-shortcodes-box wc-shortcodes-item wc-shortcodes-content wc-shortcodes-clearfix wc-shortcodes-box-secondary \" style=\"text-align:center;\">\n<p>Erz\u00e4hlanlass f\u00fcr Erwachsene  Weisheit &#8211; Schwank &#8211; Musik<br \/>\nErz\u00e4hlerin: Berna Weber<br \/>\nSchwyzer\u00f6rgel: Sigi Weber<\/p>\n<p>Mit M\u00e4rchen unterwegs am Mittwochnachmittag f\u00fcr Kinder ab 4 Jahren<br \/>\nM\u00e4rchenveranstaltungen f\u00fcr Kinder<br \/>\nBastelwochen in den Sommerferien f\u00fcr Kinder von 3-6 Jahren<\/p>\n<\/div>\n<p><strong>Neue Anl\u00e4sse <\/p>\n<p><strong>Bastelwoche in den Sommerferien 2026<\/strong><br \/>\nMontag 6. Juli &#8211; Freitag 10. Juli 2026<br \/>\nT\u00e4glich von 8.30 &#8211; 11.00 Uhr in der Spielgruppe R\u00e4geboge<\/p>\n","protected":false},"excerpt":{"rendered":"<p>Veranstaltungskalender HERZLICH WILLKOMMEN IM VERANSTALTUNGSKALENDER! Hier finden Sie Infos zu: Erz\u00e4hlanlass f\u00fcr Erwachsene Weisheit &#8211; Schwank &#8211; Musik Erz\u00e4hlerin: Berna Weber Schwyzer\u00f6rgel: Sigi Weber Mit M\u00e4rchen unterwegs am Mittwochnachmittag f\u00fcr Kinder ab 4 Jahren M\u00e4rchenveranstaltungen f\u00fcr Kinder Bastelwochen in den Sommerferien f\u00fcr Kinder von 3-6 Jahren Neue Anl\u00e4sse Bastelwoche in den Sommerferien 2026 Montag 6. &hellip; <a href=\"https:\/\/www.arth-online.ch\/maerchenhimmel\/veranstaltungen\/\" class=\"more-link\"><span class=\"screen-reader-text\">\u201eVeranstaltungen\u201c <\/span>weiterlesen<\/a><\/p>\n","protected":false},"author":1,"featured_media":0,"parent":0,"menu_order":0,"comment_status":"closed","ping_status":"closed","template":"","meta":{"ngg_post_thumbnail":0,"footnotes":""},"class_list":["post-9","page","type-page","status-publish","hentry"],"_links":{"self":[{"href":"https:\/\/www.arth-online.ch\/maerchenhimmel\/wp-json\/wp\/v2\/pages\/9","targetHints":{"allow":["GET"]}}],"collection":[{"href":"https:\/\/www.arth-online.ch\/maerchenhimmel\/wp-json\/wp\/v2\/pages"}],"about":[{"href":"https:\/\/www.arth-online.ch\/maerchenhimmel\/wp-json\/wp\/v2\/types\/page"}],"author":[{"embeddable":true,"href":"https:\/\/www.arth-online.ch\/maerchenhimmel\/wp-json\/wp\/v2\/users\/1"}],"replies":[{"embeddable":true,"href":"https:\/\/www.arth-online.ch\/maerchenhimmel\/wp-json\/wp\/v2\/comments?post=9"}],"version-history":[{"count":104,"href":"https:\/\/www.arth-online.ch\/maerchenhimmel\/wp-json\/wp\/v2\/pages\/9\/revisions"}],"predecessor-version":[{"id":315,"href":"https:\/\/www.arth-online.ch\/maerchenhimmel\/wp-json\/wp\/v2\/pages\/9\/revisions\/315"}],"wp:attachment":[{"href":"https:\/\/www.arth-online.ch\/maerchenhimmel\/wp-json\/wp\/v2\/media?parent=9"}],"curies":[{"name":"wp","href":"https:\/\/api.w.org\/{rel}","templated":true}]}}

<h2>Veranstaltungskalender</h2>
<p>HERZLICH WILLKOMMEN IM VERANSTALTUNGSKALENDER!</p>
<p>Hier finden Sie Infos zu:</p>
<div class="wc-shortcodes-box wc-shortcodes-item wc-shortcodes-content wc-shortcodes-clearfix wc-shortcodes-box-secondary " style="text-align:center;">
<p>Erzählanlass für Erwachsene  Weisheit &#8211; Schwank &#8211; Musik<br />
Erzählerin: Berna Weber<br />
Schwyzerörgel: Sigi Weber</p>
<p>Mit Märchen unterwegs am Mittwochnachmittag für Kinder ab 4 Jahren<br />
Märchenveranstaltungen für Kinder<br />
Bastelwochen in den Sommerferien für Kinder von 3-6 Jahren</p>
</div>
<p><strong>Neue Anlässe </p>
<p><strong>Bastelwoche in den Sommerferien 2026</strong><br />
Montag 6. Juli &#8211; Freitag 10. Juli 2026<br />
Täglich von 8.30 &#8211; 11.00 Uhr in der Spielgruppe Rägeboge</p>

<p>Veranstaltungskalender HERZLICH WILLKOMMEN IM VERANSTALTUNGSKALENDER! Hier finden Sie Infos zu: Erzählanlass für Erwachsene Weisheit &#8211; Schwank &#8211; Musik Erzählerin: Berna Weber Schwyzerörgel: Sigi Weber Mit Märchen unterwegs am Mittwochnachmittag für Kinder ab 4 Jahren Märchenveranstaltungen für Kinder Bastelwochen in den Sommerferien für Kinder von 3-6 Jahren Neue Anlässe Bastelwoche in den Sommerferien 2026 Montag 6. &hellip; <a href="https://www.arth-online.ch/maerchenhimmel/veranstaltungen/" class="more-link"><span class="screen-reader-text">„Veranstaltungen“ </span>weiterlesen</a></p>
