{"id":4,"date":"2016-12-02T23:17:36","date_gmt":"2016-12-02T22:17:36","guid":{"rendered":"http:\/\/www.arth-online.ch\/laedy\/home\/"},"modified":"2022-12-07T12:39:40","modified_gmt":"2022-12-07T11:39:40","slug":"home","status":"publish","type":"page","link":"https:\/\/www.arth-online.ch\/laedy\/","title":{"rendered":"Der Weg zum F\u00fchrerausweis"},"content":{"rendered":"<p><strong>Remo L\u00e4derach: Dein Fahrlehrer f\u00fcr Auto und Motorrad in Goldau seit 1982!<\/strong><\/p>\n<div class=\"wc-shortcodes-row wc-shortcodes-item wc-shortcodes-clearfix\">\n<div class=\"wc-shortcodes-column wc-shortcodes-content wc-shortcodes-one-half wc-shortcodes-column-first \"><img loading=\"lazy\" decoding=\"async\" class=\"alignright size-medium wp-image-26\" src=\"http:\/\/www.arth-online.ch\/laedy\/wp-content\/uploads\/sites\/3\/2016\/12\/remo1-161x300.jpg\" alt=\"remo1\" width=\"161\" height=\"300\" srcset=\"https:\/\/www.arth-online.ch\/laedy\/wp-content\/uploads\/sites\/3\/2016\/12\/remo1-161x300.jpg 161w, https:\/\/www.arth-online.ch\/laedy\/wp-content\/uploads\/sites\/3\/2016\/12\/remo1.jpg 540w\" sizes=\"auto, (max-width: 161px) 100vw, 161px\" \/>\n<\/div>\n<div class=\"wc-shortcodes-column wc-shortcodes-content wc-shortcodes-one-half wc-shortcodes-column-last \">\n<h3>Check-Liste<\/h3>\n<ul>\n<li>Augenoptiker aufsuchen (Augentest)<\/li>\n<li>Wenn n\u00f6tig Nothelferkurs absolvieren (Nothelferausweis)<\/li>\n<li>Theoriekurs (Basistheorie) absolvieren<\/li>\n<li>Theoriepr\u00fcfung absolvieren<\/li>\n<li>Lernfahrausweis wird nach bestandener Theoriepr\u00fcfung erteilt<\/li>\n<li>Praktische Fahrstunden buchen<\/li>\n<li>Begleitend Verkehrskundekurs (VKU) absolvieren<\/li>\n<li>Praktische Pr\u00fcfung ablegen<\/li>\n<\/ul>\n<\/div>\n<\/div>\n<p>Weitere Informationen unter <a href=\"http:\/\/www.sz.ch\/verkehrsamt\">www.sz.ch\/verkehrsamt<\/a><\/p>\n<div class=\"wc-shortcodes-row wc-shortcodes-item wc-shortcodes-clearfix\">\n<div class=\"wc-shortcodes-column wc-shortcodes-content wc-shortcodes-one-half wc-shortcodes-column-first \">\n<p><img loading=\"lazy\" decoding=\"async\" class=\"alignnone size-large wp-image-144\" src=\"http:\/\/www.arth-online.ch\/laedy\/wp-content\/uploads\/sites\/3\/2019\/11\/auto2018-1.jpg\" alt=\"\" width=\"600\" height=\"480\" srcset=\"https:\/\/www.arth-online.ch\/laedy\/wp-content\/uploads\/sites\/3\/2019\/11\/auto2018-1.jpg 600w, https:\/\/www.arth-online.ch\/laedy\/wp-content\/uploads\/sites\/3\/2019\/11\/auto2018-1-300x240.jpg 300w\" sizes=\"auto, (max-width: 600px) 100vw, 600px\" \/><\/p>\n<\/div>\n<div class=\"wc-shortcodes-column wc-shortcodes-content wc-shortcodes-one-half wc-shortcodes-column-last \">\n<p><img loading=\"lazy\" decoding=\"async\" class=\"alignnone size-full wp-image-143\" src=\"http:\/\/www.arth-online.ch\/laedy\/wp-content\/uploads\/sites\/3\/2019\/11\/auto2018-2.jpg\" alt=\"\" width=\"600\" height=\"480\" srcset=\"https:\/\/www.arth-online.ch\/laedy\/wp-content\/uploads\/sites\/3\/2019\/11\/auto2018-2.jpg 600w, https:\/\/www.arth-online.ch\/laedy\/wp-content\/uploads\/sites\/3\/2019\/11\/auto2018-2-300x240.jpg 300w\" sizes=\"auto, (max-width: 600px) 100vw, 600px\" \/><\/p>\n<\/div>\n<\/div>\n<p>Gerne begleite ich Dich auf dem Weg zum F\u00fchrerausweis mit Rat und Tat!<br \/>\nDie Fahrausbildung kann auch auf einem Automatic-Fahrzeug absolviert werden.<\/p>\n<p>&#8212;<br \/>\n<a href=\"\/\"><em>Zur\u00fcck zu Arth-online&#8230;<\/em><\/a><\/p>\n","protected":false},"excerpt":{"rendered":"<p>Remo L\u00e4derach: Dein Fahrlehrer f\u00fcr Auto und Motorrad in Goldau seit 1982! Check-Liste Augenoptiker aufsuchen (Augentest) Wenn n\u00f6tig Nothelferkurs absolvieren (Nothelferausweis) Theoriekurs (Basistheorie) absolvieren Theoriepr\u00fcfung absolvieren Lernfahrausweis wird nach bestandener Theoriepr\u00fcfung erteilt Praktische Fahrstunden buchen Begleitend Verkehrskundekurs (VKU) absolvieren Praktische Pr\u00fcfung ablegen Weitere Informationen unter www.sz.ch\/verkehrsamt Gerne begleite ich Dich auf dem Weg zum F\u00fchrerausweis [&hellip;]<\/p>\n","protected":false},"author":1,"featured_media":0,"parent":0,"menu_order":0,"comment_status":"closed","ping_status":"closed","template":"","meta":{"_et_pb_use_builder":"","_et_pb_old_content":"","_et_gb_content_width":"","ngg_post_thumbnail":0,"footnotes":""},"class_list":["post-4","page","type-page","status-publish","hentry"],"_links":{"self":[{"href":"https:\/\/www.arth-online.ch\/laedy\/wp-json\/wp\/v2\/pages\/4","targetHints":{"allow":["GET"]}}],"collection":[{"href":"https:\/\/www.arth-online.ch\/laedy\/wp-json\/wp\/v2\/pages"}],"about":[{"href":"https:\/\/www.arth-online.ch\/laedy\/wp-json\/wp\/v2\/types\/page"}],"author":[{"embeddable":true,"href":"https:\/\/www.arth-online.ch\/laedy\/wp-json\/wp\/v2\/users\/1"}],"replies":[{"embeddable":true,"href":"https:\/\/www.arth-online.ch\/laedy\/wp-json\/wp\/v2\/comments?post=4"}],"version-history":[{"count":19,"href":"https:\/\/www.arth-online.ch\/laedy\/wp-json\/wp\/v2\/pages\/4\/revisions"}],"predecessor-version":[{"id":1479,"href":"https:\/\/www.arth-online.ch\/laedy\/wp-json\/wp\/v2\/pages\/4\/revisions\/1479"}],"wp:attachment":[{"href":"https:\/\/www.arth-online.ch\/laedy\/wp-json\/wp\/v2\/media?parent=4"}],"curies":[{"name":"wp","href":"https:\/\/api.w.org\/{rel}","templated":true}]}}