{"id":24,"date":"2019-11-06T11:10:25","date_gmt":"2019-11-06T10:10:25","guid":{"rendered":"http:\/\/www.arth-online.ch\/inderbitzin\/?page_id=24"},"modified":"2019-12-10T18:53:52","modified_gmt":"2019-12-10T17:53:52","slug":"willkommen","status":"publish","type":"page","link":"https:\/\/www.arth-online.ch\/inderbitzin\/","title":{"rendered":""},"content":{"rendered":"<p>Herzlich willkommen auf der Website der Inderbitzin GmbH,<br \/>\nIhrem Fachmann f\u00fcr Sanit\u00e4r, Heizung und Solaranlagen!<\/p>\n<div style=\"clear:both;margin-top:10em\"><\/div>\n<p>&#8212;<br \/>\n<a href=\"\/\"><img loading=\"lazy\" decoding=\"async\" class=\"alignleft size-full wp-image-98\" src=\"https:\/\/www.arth-online.ch\/inderbitzin\/wp-content\/uploads\/sites\/5\/2019\/11\/aol90x68.gif\" alt=\"\" width=\"68\" height=\"90\" \/><\/a><br \/>\n<a href=\"\/\"><em>&#8230; zur\u00fcck zu Arth-online<\/em><\/a><\/p>\n","protected":false},"excerpt":{"rendered":"<p>Herzlich willkommen auf der Website der Inderbitzin GmbH, Ihrem Fachmann f\u00fcr Sanit\u00e4r, Heizung und Solaranlagen! &#8212; &#8230; zur\u00fcck zu Arth-online<\/p>\n","protected":false},"author":1,"featured_media":0,"parent":0,"menu_order":0,"comment_status":"closed","ping_status":"closed","template":"","meta":{"ngg_post_thumbnail":0,"footnotes":""},"class_list":["post-24","page","type-page","status-publish","hentry"],"_links":{"self":[{"href":"https:\/\/www.arth-online.ch\/inderbitzin\/wp-json\/wp\/v2\/pages\/24","targetHints":{"allow":["GET"]}}],"collection":[{"href":"https:\/\/www.arth-online.ch\/inderbitzin\/wp-json\/wp\/v2\/pages"}],"about":[{"href":"https:\/\/www.arth-online.ch\/inderbitzin\/wp-json\/wp\/v2\/types\/page"}],"author":[{"embeddable":true,"href":"https:\/\/www.arth-online.ch\/inderbitzin\/wp-json\/wp\/v2\/users\/1"}],"replies":[{"embeddable":true,"href":"https:\/\/www.arth-online.ch\/inderbitzin\/wp-json\/wp\/v2\/comments?post=24"}],"version-history":[{"count":9,"href":"https:\/\/www.arth-online.ch\/inderbitzin\/wp-json\/wp\/v2\/pages\/24\/revisions"}],"predecessor-version":[{"id":111,"href":"https:\/\/www.arth-online.ch\/inderbitzin\/wp-json\/wp\/v2\/pages\/24\/revisions\/111"}],"wp:attachment":[{"href":"https:\/\/www.arth-online.ch\/inderbitzin\/wp-json\/wp\/v2\/media?parent=24"}],"curies":[{"name":"wp","href":"https:\/\/api.w.org\/{rel}","templated":true}]}}