{"id":5,"date":"2019-11-29T17:28:06","date_gmt":"2019-11-29T16:28:06","guid":{"rendered":"http:\/\/www.arth-online.ch\/bergsturz\/ausstellung\/"},"modified":"2019-11-29T21:56:16","modified_gmt":"2019-11-29T20:56:16","slug":"ausstellung","status":"publish","type":"page","link":"https:\/\/www.arth-online.ch\/bergsturz\/ausstellung\/","title":{"rendered":"Ausstellung"},"content":{"rendered":"<div class=\"wc-shortcodes-row wc-shortcodes-item wc-shortcodes-clearfix\">\n<div class=\"wc-shortcodes-column wc-shortcodes-content wc-shortcodes-two-third wc-shortcodes-column-first \">\n<h2>Ausgrabungsgegenst\u00e4nde<\/h2>\n<p>Ausgestellt sind verschiedene durch die Wucht des Bergsturzes deformierte Haushaltger\u00e4te sowie Werkzeuge, M\u00fcnzen, Reste einer Schuhmacherwerkstatt, sakrale Gegenst\u00e4nde und ein Haarzopf eines zu Tode gekommenen M\u00e4dchens. Nicht zu \u00fcbersehen sind die wieder ausgegrabenen Kirchenglocken und das wie durch ein Wunder unbesch\u00e4digt gebliebene Messgewand, welches am Tage nach der Katastrophe aufgefunden wurde.<\/p>\n<h2>Ikonographie<\/h2>\n<p>Neben dem erw\u00e4hnten Prunkst\u00fcck in \u00d6l von D. A. Schmid findet der Besuchende in chronologisch angeordneter Reihenfolge Stiche, Lithographien, Aquarelle und andere Bilder, welche Goldau vor der Versch\u00fcttung, den Bergsturz selber und das verw\u00fcstete Gebiet danach darstellen. Auch vergleichende Ansichten (vor- und nachher) sind ausgestellt. In vielen Darstellungen sowie im neuen Wandbuch wird die Entwicklung Neu-Goldaus dokumentiert.<\/p>\n<h2>Literatur<\/h2>\n<p>An Literatur liegen Fachberichte, Predigten und Beileidsbriefe von anderen Kantonsregierungen sowie auch das ber\u00fchmte &#8222;Schuttbuch&#8220; vom damaligen Arther Landarzt Dr. Zay auf. Sp\u00e4ter erschienene Publikationen \u00fcber die Katastrophe findet man ebenso.<\/p>\n<h2>Musik<\/h2>\n<p>Der Bergsturz inspirierte nebst vielen in- und ausl\u00e4ndischen Malern auch Musiker. Ausgestellt sind ein Klavierauszug nach der sogenannten &#8222;Bergsturzoper&#8220; sowie ein Melodrama von Schwester Hedwigis Mettler.<\/p>\n<h2>Reliefs<\/h2>\n<p>Als eigentliche Prunkst\u00fccke im kleinen Museum gelten wohl die drei Reliefs, welche die Talschaft vor und nach der Katastrophe darstellen.<\/p>\n<\/div>\n<div class=\"wc-shortcodes-column wc-shortcodes-content wc-shortcodes-one-third wc-shortcodes-column-last \">\n<p><img loading=\"lazy\" decoding=\"async\" src=\"http:\/\/www.arth-online.ch\/bergsturz\/wp-content\/uploads\/sites\/17\/2019\/11\/225-2.jpg\" alt=\"\" width=\"512\" height=\"384\" class=\"alignnone size-full wp-image-109\" srcset=\"https:\/\/www.arth-online.ch\/bergsturz\/wp-content\/uploads\/sites\/17\/2019\/11\/225-2.jpg 512w, https:\/\/www.arth-online.ch\/bergsturz\/wp-content\/uploads\/sites\/17\/2019\/11\/225-2-300x225.jpg 300w\" sizes=\"auto, (max-width: 512px) 85vw, 512px\" \/><\/p>\n<p><img loading=\"lazy\" decoding=\"async\" src=\"http:\/\/www.arth-online.ch\/bergsturz\/wp-content\/uploads\/sites\/17\/2019\/11\/225-3.jpg\" alt=\"\" width=\"512\" height=\"384\" class=\"alignnone size-full wp-image-108\" srcset=\"https:\/\/www.arth-online.ch\/bergsturz\/wp-content\/uploads\/sites\/17\/2019\/11\/225-3.jpg 512w, https:\/\/www.arth-online.ch\/bergsturz\/wp-content\/uploads\/sites\/17\/2019\/11\/225-3-300x225.jpg 300w\" sizes=\"auto, (max-width: 512px) 85vw, 512px\" \/><\/p>\n<p><img loading=\"lazy\" decoding=\"async\" src=\"http:\/\/www.arth-online.ch\/bergsturz\/wp-content\/uploads\/sites\/17\/2019\/11\/225-4.jpg\" alt=\"\" width=\"512\" height=\"384\" class=\"alignnone size-full wp-image-107\" srcset=\"https:\/\/www.arth-online.ch\/bergsturz\/wp-content\/uploads\/sites\/17\/2019\/11\/225-4.jpg 512w, https:\/\/www.arth-online.ch\/bergsturz\/wp-content\/uploads\/sites\/17\/2019\/11\/225-4-300x225.jpg 300w\" sizes=\"auto, (max-width: 512px) 85vw, 512px\" \/><\/p>\n<p><img loading=\"lazy\" decoding=\"async\" src=\"http:\/\/www.arth-online.ch\/bergsturz\/wp-content\/uploads\/sites\/17\/2019\/11\/225-6.jpg\" alt=\"\" width=\"512\" height=\"384\" class=\"alignnone size-full wp-image-106\" srcset=\"https:\/\/www.arth-online.ch\/bergsturz\/wp-content\/uploads\/sites\/17\/2019\/11\/225-6.jpg 512w, https:\/\/www.arth-online.ch\/bergsturz\/wp-content\/uploads\/sites\/17\/2019\/11\/225-6-300x225.jpg 300w\" sizes=\"auto, (max-width: 512px) 85vw, 512px\" \/><\/p>\n<\/div>\n<\/div>\n","protected":false},"excerpt":{"rendered":"<p>Ausgrabungsgegenst\u00e4nde Ausgestellt sind verschiedene durch die Wucht des Bergsturzes deformierte Haushaltger\u00e4te sowie Werkzeuge, M\u00fcnzen, Reste einer Schuhmacherwerkstatt, sakrale Gegenst\u00e4nde und ein Haarzopf eines zu Tode gekommenen M\u00e4dchens. Nicht zu \u00fcbersehen sind die wieder ausgegrabenen Kirchenglocken und das wie durch ein Wunder unbesch\u00e4digt gebliebene Messgewand, welches am Tage nach der Katastrophe aufgefunden wurde. Ikonographie Neben dem &hellip; <a href=\"https:\/\/www.arth-online.ch\/bergsturz\/ausstellung\/\" class=\"more-link\"><span class=\"screen-reader-text\">\u201eAusstellung\u201c <\/span>weiterlesen<\/a><\/p>\n","protected":false},"author":1,"featured_media":0,"parent":0,"menu_order":0,"comment_status":"closed","ping_status":"closed","template":"","meta":{"ngg_post_thumbnail":0,"footnotes":""},"class_list":["post-5","page","type-page","status-publish","hentry"],"_links":{"self":[{"href":"https:\/\/www.arth-online.ch\/bergsturz\/wp-json\/wp\/v2\/pages\/5","targetHints":{"allow":["GET"]}}],"collection":[{"href":"https:\/\/www.arth-online.ch\/bergsturz\/wp-json\/wp\/v2\/pages"}],"about":[{"href":"https:\/\/www.arth-online.ch\/bergsturz\/wp-json\/wp\/v2\/types\/page"}],"author":[{"embeddable":true,"href":"https:\/\/www.arth-online.ch\/bergsturz\/wp-json\/wp\/v2\/users\/1"}],"replies":[{"embeddable":true,"href":"https:\/\/www.arth-online.ch\/bergsturz\/wp-json\/wp\/v2\/comments?post=5"}],"version-history":[{"count":3,"href":"https:\/\/www.arth-online.ch\/bergsturz\/wp-json\/wp\/v2\/pages\/5\/revisions"}],"predecessor-version":[{"id":110,"href":"https:\/\/www.arth-online.ch\/bergsturz\/wp-json\/wp\/v2\/pages\/5\/revisions\/110"}],"wp:attachment":[{"href":"https:\/\/www.arth-online.ch\/bergsturz\/wp-json\/wp\/v2\/media?parent=5"}],"curies":[{"name":"wp","href":"https:\/\/api.w.org\/{rel}","templated":true}]}}

<div class="wc-shortcodes-row wc-shortcodes-item wc-shortcodes-clearfix">
<div class="wc-shortcodes-column wc-shortcodes-content wc-shortcodes-two-third wc-shortcodes-column-first ">
<h2>Ausgrabungsgegenstände</h2>
<p>Ausgestellt sind verschiedene durch die Wucht des Bergsturzes deformierte Haushaltgeräte sowie Werkzeuge, Münzen, Reste einer Schuhmacherwerkstatt, sakrale Gegenstände und ein Haarzopf eines zu Tode gekommenen Mädchens. Nicht zu übersehen sind die wieder ausgegrabenen Kirchenglocken und das wie durch ein Wunder unbeschädigt gebliebene Messgewand, welches am Tage nach der Katastrophe aufgefunden wurde.</p>
<h2>Ikonographie</h2>
<p>Neben dem erwähnten Prunkstück in Öl von D. A. Schmid findet der Besuchende in chronologisch angeordneter Reihenfolge Stiche, Lithographien, Aquarelle und andere Bilder, welche Goldau vor der Verschüttung, den Bergsturz selber und das verwüstete Gebiet danach darstellen. Auch vergleichende Ansichten (vor- und nachher) sind ausgestellt. In vielen Darstellungen sowie im neuen Wandbuch wird die Entwicklung Neu-Goldaus dokumentiert.</p>
<h2>Literatur</h2>
<p>An Literatur liegen Fachberichte, Predigten und Beileidsbriefe von anderen Kantonsregierungen sowie auch das berühmte &#8222;Schuttbuch&#8220; vom damaligen Arther Landarzt Dr. Zay auf. Später erschienene Publikationen über die Katastrophe findet man ebenso.</p>
<h2>Musik</h2>
<p>Der Bergsturz inspirierte nebst vielen in- und ausländischen Malern auch Musiker. Ausgestellt sind ein Klavierauszug nach der sogenannten &#8222;Bergsturzoper&#8220; sowie ein Melodrama von Schwester Hedwigis Mettler.</p>
<h2>Reliefs</h2>
<p>Als eigentliche Prunkstücke im kleinen Museum gelten wohl die drei Reliefs, welche die Talschaft vor und nach der Katastrophe darstellen.</p>
</div>
<div class="wc-shortcodes-column wc-shortcodes-content wc-shortcodes-one-third wc-shortcodes-column-last ">
<p><img loading="lazy" decoding="async" src="http://www.arth-online.ch/bergsturz/wp-content/uploads/sites/17/2019/11/225-2.jpg" alt="" width="512" height="384" class="alignnone size-full wp-image-109" srcset="https://www.arth-online.ch/bergsturz/wp-content/uploads/sites/17/2019/11/225-2.jpg 512w, https://www.arth-online.ch/bergsturz/wp-content/uploads/sites/17/2019/11/225-2-300x225.jpg 300w" sizes="auto, (max-width: 512px) 85vw, 512px" /></p>
<p><img loading="lazy" decoding="async" src="http://www.arth-online.ch/bergsturz/wp-content/uploads/sites/17/2019/11/225-3.jpg" alt="" width="512" height="384" class="alignnone size-full wp-image-108" srcset="https://www.arth-online.ch/bergsturz/wp-content/uploads/sites/17/2019/11/225-3.jpg 512w, https://www.arth-online.ch/bergsturz/wp-content/uploads/sites/17/2019/11/225-3-300x225.jpg 300w" sizes="auto, (max-width: 512px) 85vw, 512px" /></p>
<p><img loading="lazy" decoding="async" src="http://www.arth-online.ch/bergsturz/wp-content/uploads/sites/17/2019/11/225-4.jpg" alt="" width="512" height="384" class="alignnone size-full wp-image-107" srcset="https://www.arth-online.ch/bergsturz/wp-content/uploads/sites/17/2019/11/225-4.jpg 512w, https://www.arth-online.ch/bergsturz/wp-content/uploads/sites/17/2019/11/225-4-300x225.jpg 300w" sizes="auto, (max-width: 512px) 85vw, 512px" /></p>
<p><img loading="lazy" decoding="async" src="http://www.arth-online.ch/bergsturz/wp-content/uploads/sites/17/2019/11/225-6.jpg" alt="" width="512" height="384" class="alignnone size-full wp-image-106" srcset="https://www.arth-online.ch/bergsturz/wp-content/uploads/sites/17/2019/11/225-6.jpg 512w, https://www.arth-online.ch/bergsturz/wp-content/uploads/sites/17/2019/11/225-6-300x225.jpg 300w" sizes="auto, (max-width: 512px) 85vw, 512px" /></p>
</div>
</div>

<p>Ausgrabungsgegenstände Ausgestellt sind verschiedene durch die Wucht des Bergsturzes deformierte Haushaltgeräte sowie Werkzeuge, Münzen, Reste einer Schuhmacherwerkstatt, sakrale Gegenstände und ein Haarzopf eines zu Tode gekommenen Mädchens. Nicht zu übersehen sind die wieder ausgegrabenen Kirchenglocken und das wie durch ein Wunder unbeschädigt gebliebene Messgewand, welches am Tage nach der Katastrophe aufgefunden wurde. Ikonographie Neben dem &hellip; <a href="https://www.arth-online.ch/bergsturz/ausstellung/" class="more-link"><span class="screen-reader-text">„Ausstellung“ </span>weiterlesen</a></p>
