{"id":5823,"date":"2023-04-22T00:16:17","date_gmt":"2023-04-21T22:16:17","guid":{"rendered":"https:\/\/www.arth-online.ch\/svp\/?page_id=5823"},"modified":"2023-05-31T11:49:07","modified_gmt":"2023-05-31T09:49:07","slug":"abstimmung-18-juni-2023","status":"publish","type":"page","link":"http:\/\/www.arth-online.ch\/svp\/abstimmungen\/abstimmungen-2023\/abstimmung-18-juni-2023\/","title":{"rendered":"Abstimmung 18. Juni 2023"},"content":{"rendered":"<h2>Bund<\/h2>\n<ul>\n<li><strong style=\"background-color:green;color:white;\">JA<\/strong> zum Bundesbeschluss vom 16. Dezember 2022 \u00fcber eine besondere Besteuerung grosser Unternehmensgruppen (Umsetzung des OECD\/G20-Projekts zur Besteuerung grosser Unternehmensgruppen) (BBl 2022 3216);<br \/>\n&nbsp;\n<\/li>\n<li><strong style=\"background-color:red;color:white;\">NEIN<\/strong> zum Bundesgesetz vom 30. September 2022 \u00fcber die Ziele im Klimaschutz, die Innovation und die St\u00e4rkung der Energiesicherheit (KlG) (BBl 2022 2403);<br \/>\n&nbsp;\n<\/li>\n<li><strong style=\"background-color:red;color:white;\">NEIN<\/strong> zur \u00c4nderung vom 16. Dezember 2022 des Bundesgesetzes \u00fcber die gesetzlichen Grundlagen f\u00fcr Verordnungen des Bundesrates zur Bew\u00e4ltigung der Covid-19-Epidemie (Covid-19-Gesetz) (AS 2022 817).\n<\/li>\n<\/ul>\n","protected":false},"excerpt":{"rendered":"<p>Bund JA zum Bundesbeschluss vom 16. Dezember 2022 \u00fcber eine besondere Besteuerung grosser Unternehmensgruppen (Umsetzung des OECD\/G20-Projekts zur Besteuerung grosser Unternehmensgruppen) (BBl 2022 3216); &nbsp; NEIN zum Bundesgesetz vom 30. &hellip; <a href=\"http:\/\/www.arth-online.ch\/svp\/abstimmungen\/abstimmungen-2023\/abstimmung-18-juni-2023\/\" class=\"more-link\"><span class=\"screen-reader-text\">\u201eAbstimmung 18. Juni 2023\u201c <\/span>weiterlesen<\/a><\/p>\n","protected":false},"author":1,"featured_media":0,"parent":5787,"menu_order":0,"comment_status":"closed","ping_status":"closed","template":"","meta":{"ngg_post_thumbnail":0,"footnotes":"","_links_to":"","_links_to_target":""},"class_list":["post-5823","page","type-page","status-publish","hentry"],"distributor_meta":false,"distributor_terms":false,"distributor_media":false,"distributor_original_site_name":"SVP Arth-Oberarth-Goldau","distributor_original_site_url":"http:\/\/www.arth-online.ch\/svp","push-errors":false,"_links":{"self":[{"href":"http:\/\/www.arth-online.ch\/svp\/wp-json\/wp\/v2\/pages\/5823","targetHints":{"allow":["GET"]}}],"collection":[{"href":"http:\/\/www.arth-online.ch\/svp\/wp-json\/wp\/v2\/pages"}],"about":[{"href":"http:\/\/www.arth-online.ch\/svp\/wp-json\/wp\/v2\/types\/page"}],"author":[{"embeddable":true,"href":"http:\/\/www.arth-online.ch\/svp\/wp-json\/wp\/v2\/users\/1"}],"replies":[{"embeddable":true,"href":"http:\/\/www.arth-online.ch\/svp\/wp-json\/wp\/v2\/comments?post=5823"}],"version-history":[{"count":7,"href":"http:\/\/www.arth-online.ch\/svp\/wp-json\/wp\/v2\/pages\/5823\/revisions"}],"predecessor-version":[{"id":5847,"href":"http:\/\/www.arth-online.ch\/svp\/wp-json\/wp\/v2\/pages\/5823\/revisions\/5847"}],"up":[{"embeddable":true,"href":"http:\/\/www.arth-online.ch\/svp\/wp-json\/wp\/v2\/pages\/5787"}],"wp:attachment":[{"href":"http:\/\/www.arth-online.ch\/svp\/wp-json\/wp\/v2\/media?parent=5823"}],"curies":[{"name":"wp","href":"https:\/\/api.w.org\/{rel}","templated":true}]}}