{"id":3463,"date":"2020-09-29T13:15:11","date_gmt":"2020-09-29T11:15:11","guid":{"rendered":"http:\/\/www.arth-online.ch\/svp\/?page_id=3463"},"modified":"2021-07-03T00:14:13","modified_gmt":"2021-07-02T22:14:13","slug":"svp-kantonsraete-im-kanton-schwyz","status":"publish","type":"page","link":"http:\/\/www.arth-online.ch\/svp\/unsere-vertreter\/kantonsrat\/svp-kantonsraete-im-kanton-schwyz\/","title":{"rendered":"SVP-Kantonsr\u00e4te im Kanton Schwyz"},"content":{"rendered":"<h2>Kantonsr\u00e4te (2020-2024)<\/h2>\n<p>Das Parlament des Kantons Schwyz, der Kantonsrat, besteht aus 100 Mitgliedern, die in Volkswahlen auf eine Amtsdauer von vier Jahren gew\u00e4hlt werden. Wahlkreise sind die Gemeinden. Auf die 13 Gemeinden mit der geringsten Einwohnerzahl entf\u00e4llt nur je ein Sitz. Die 87 restlichen Mandate werden auf die weiteren 17 Gemeinden nach dem Verh\u00e4ltnis der Wohnbev\u00f6lkerung verteilt.<\/p>\n<p>Die SVP des Kantons Schwyz stellt 33 von insgesamt 100 Kantonsr\u00e4ten. Das Fraktionspr\u00e4sidium wird von Kantonsrat Thomas Haas, Lachen SZ, wahrgenommen. Folgend die Auflistung aller Kantonsr\u00e4te der SVP Kanton Schwyz:<\/p>\n<ul>\n<li><strong>Beeler-Blaser David<\/strong>, 6422 Steinen<\/li>\n<li><strong>Brun Martin<\/strong>, 6417 Sattel<\/li>\n<li><strong style=\"color:#148b3e\">B\u00fcrgi Roman<\/strong>, 6410 Goldau<\/li>\n<li><strong>Diethelm Bernhard<\/strong>, 8857 Vorderthal<\/li>\n<li><strong>Dobler-M\u00e4chler Peter<\/strong>, 8854 Siebnen<\/li>\n<li><strong>F\u00e4ssler Adolf<\/strong>, 8842 Unteriberg<\/li>\n<li><strong>Feusi Erich<\/strong>, 8856 Tuggen<\/li>\n<li><strong>Feusi Markus<\/strong>, 8832 Wollerau<\/li>\n<li><strong>Fl\u00fchler Oliver<\/strong>, 8807 Freienbach<\/li>\n<li><strong>F\u00f6hn-Wiget Adrian<\/strong>, 6432 Rickenbach SZ<\/li>\n<li><strong>Gisler Willy<\/strong>, 6452 Riemenstalden<\/li>\n<li><strong>Haas Thomas<\/strong>, 8853 Lachen SZ<\/li>\n<li><strong>H\u00e4nggi Thomas<\/strong>, 8834 Schindellegi<\/li>\n<li><strong>Helbling-Z\u00fcger Max<\/strong>, 6416 Steinerberg<\/li>\n<li><strong>K\u00e4lin Fredy<\/strong>, 8840 Einsiedeln<\/li>\n<li><strong>K\u00e4lin Daniel<\/strong>, 8840 Einsiedeln<\/li>\n<li><strong>Keller Andrea<\/strong>, 8807 Freienbach<\/li>\n<li><strong>Kistler Ueli<\/strong>, 8864 Reichenburg<\/li>\n<li><strong>Lacher Alexander<\/strong>, 8808 Pf\u00e4ffikon<\/li>\n<li><strong>L\u00fctolf Samuel<\/strong>,&nbsp; 6403 K\u00fcssnacht am Rigi<\/li>\n<li><strong>Lutz Roland<\/strong>, 8840 Einsiedeln<\/li>\n<li><strong>M\u00e4chler Manuel<\/strong>, 8862 Sch\u00fcbelbach<\/li>\n<li><strong>Marty Urs<\/strong>, 8852 Altendorf<\/li>\n<li><strong>Ronner Josef<\/strong>, 8854 Siebnen<\/li>\n<li><strong>Schelbert Wendelin<\/strong>, 6436 Ried-Muotathal<\/li>\n<li><strong>Schmid Ralf<\/strong>, 8862 Sch\u00fcbelbach<\/li>\n<li><strong>Schuler-B\u00fcrgler Hubert<\/strong>, 6418 Rothenthurm<\/li>\n<li><strong>Steiner Hubert<\/strong>, 8849 Alpthal<\/li>\n<li><strong>Stocker Jan<\/strong>, 8807 Freienbach<\/li>\n<li><strong>Suter Erich<\/strong>, 6440 Brunnen<\/li>\n<li><strong>Ulrich Matthias<\/strong>, 6403 K\u00fcssnacht<\/li>\n<li><strong>Ulrich Fredy<\/strong>, 6430 Schwyz<\/li>\n<li><strong style=\"color:#148b3e\">Vollenweider-Fluri Heimgard<\/strong>, 6415 Arth<\/li>\n<\/ul>\n","protected":false},"excerpt":{"rendered":"<p>Kantonsr\u00e4te (2020-2024) Das Parlament des Kantons Schwyz, der Kantonsrat, besteht aus 100 Mitgliedern, die in Volkswahlen auf eine Amtsdauer von vier Jahren gew\u00e4hlt werden. Wahlkreise sind die Gemeinden. Auf die &hellip; <a href=\"http:\/\/www.arth-online.ch\/svp\/unsere-vertreter\/kantonsrat\/svp-kantonsraete-im-kanton-schwyz\/\" class=\"more-link\"><span class=\"screen-reader-text\">\u201eSVP-Kantonsr\u00e4te im Kanton Schwyz\u201c <\/span>weiterlesen<\/a><\/p>\n","protected":false},"author":1,"featured_media":0,"parent":2040,"menu_order":0,"comment_status":"closed","ping_status":"closed","template":"","meta":{"ngg_post_thumbnail":0,"footnotes":"","_links_to":"","_links_to_target":""},"class_list":["post-3463","page","type-page","status-publish","hentry"],"distributor_meta":false,"distributor_terms":false,"distributor_media":false,"distributor_original_site_name":"SVP Arth-Oberarth-Goldau","distributor_original_site_url":"http:\/\/www.arth-online.ch\/svp","push-errors":false,"_links":{"self":[{"href":"http:\/\/www.arth-online.ch\/svp\/wp-json\/wp\/v2\/pages\/3463","targetHints":{"allow":["GET"]}}],"collection":[{"href":"http:\/\/www.arth-online.ch\/svp\/wp-json\/wp\/v2\/pages"}],"about":[{"href":"http:\/\/www.arth-online.ch\/svp\/wp-json\/wp\/v2\/types\/page"}],"author":[{"embeddable":true,"href":"http:\/\/www.arth-online.ch\/svp\/wp-json\/wp\/v2\/users\/1"}],"replies":[{"embeddable":true,"href":"http:\/\/www.arth-online.ch\/svp\/wp-json\/wp\/v2\/comments?post=3463"}],"version-history":[{"count":3,"href":"http:\/\/www.arth-online.ch\/svp\/wp-json\/wp\/v2\/pages\/3463\/revisions"}],"predecessor-version":[{"id":3808,"href":"http:\/\/www.arth-online.ch\/svp\/wp-json\/wp\/v2\/pages\/3463\/revisions\/3808"}],"up":[{"embeddable":true,"href":"http:\/\/www.arth-online.ch\/svp\/wp-json\/wp\/v2\/pages\/2040"}],"wp:attachment":[{"href":"http:\/\/www.arth-online.ch\/svp\/wp-json\/wp\/v2\/media?parent=3463"}],"curies":[{"name":"wp","href":"https:\/\/api.w.org\/{rel}","templated":true}]}}