{"id":2820,"date":"2020-02-18T11:17:54","date_gmt":"2020-02-18T10:17:54","guid":{"rendered":"http:\/\/www.arth-online.ch\/svp\/?page_id=2820"},"modified":"2020-02-18T11:22:50","modified_gmt":"2020-02-18T10:22:50","slug":"philippe-szymkowiak","status":"publish","type":"page","link":"http:\/\/www.arth-online.ch\/svp\/wahlen\/wahlen-2020\/wahlen-22-maerz-2020\/philippe-szymkowiak\/","title":{"rendered":"Philippe Szymkowiak"},"content":{"rendered":"<h2>Am 22. M\u00e4rz 2020 In den Kantonsrat f\u00fcr Arth, Oberarth und Goldau!<\/h2>\n<p><img loading=\"lazy\" decoding=\"async\" src=\"http:\/\/www.arth-online.ch\/svp\/wp-content\/uploads\/sites\/2\/2020\/02\/kr2020-szymkowiak_philippe-1024x705.jpg\" alt=\"\" width=\"840\" height=\"578\" class=\"alignnone size-large wp-image-2773\" srcset=\"http:\/\/www.arth-online.ch\/svp\/wp-content\/uploads\/sites\/2\/2020\/02\/kr2020-szymkowiak_philippe-1024x705.jpg 1024w, http:\/\/www.arth-online.ch\/svp\/wp-content\/uploads\/sites\/2\/2020\/02\/kr2020-szymkowiak_philippe-300x207.jpg 300w, http:\/\/www.arth-online.ch\/svp\/wp-content\/uploads\/sites\/2\/2020\/02\/kr2020-szymkowiak_philippe-768x529.jpg 768w, http:\/\/www.arth-online.ch\/svp\/wp-content\/uploads\/sites\/2\/2020\/02\/kr2020-szymkowiak_philippe.jpg 1064w\" sizes=\"auto, (max-width: 709px) 85vw, (max-width: 909px) 67vw, (max-width: 1362px) 62vw, 840px\" \/><\/p>\n<h2>Smartspider<\/h2>\n<p><img loading=\"lazy\" decoding=\"async\" src=\"http:\/\/www.arth-online.ch\/svp\/wp-content\/uploads\/sites\/2\/2020\/02\/smartspider_szymkowiak_philippe.jpg\" alt=\"\" width=\"948\" height=\"949\" class=\"alignnone size-full wp-image-2811\" srcset=\"http:\/\/www.arth-online.ch\/svp\/wp-content\/uploads\/sites\/2\/2020\/02\/smartspider_szymkowiak_philippe.jpg 948w, http:\/\/www.arth-online.ch\/svp\/wp-content\/uploads\/sites\/2\/2020\/02\/smartspider_szymkowiak_philippe-300x300.jpg 300w, http:\/\/www.arth-online.ch\/svp\/wp-content\/uploads\/sites\/2\/2020\/02\/smartspider_szymkowiak_philippe-150x150.jpg 150w, http:\/\/www.arth-online.ch\/svp\/wp-content\/uploads\/sites\/2\/2020\/02\/smartspider_szymkowiak_philippe-768x769.jpg 768w\" sizes=\"auto, (max-width: 709px) 85vw, (max-width: 909px) 67vw, (max-width: 1362px) 62vw, 840px\" \/><\/p>\n<p>Aufgewachsen in Arth, Schule in Arth und Oberarth besucht. Berufslehre als K\u00e4ser absolviert im Jahr 1990 bis 1993, mit anschliessender Weiterbildung zum K\u00e4serei-Experten. Ausbildung zum Eidg. Med. Masseur im Jahr 2003 abgeschlossen, seither selbstst\u00e4ndig mit zwei Mitarbeitern in eigener Praxis in Arth und K\u00fcssnacht.<br \/>\nMitgliedschaften: Vorstand Ortspartei SVP Arth-Oberart-Goldau, Gruppenf\u00fchrer Feuerwehr Arth, Klausengesellschaft Arth, Gewerbeverein Arth-Goldau, Imkervereinigung Schwyz<\/p>\n<p><strong>Meine Ziele als Kantonsrat:<\/strong><\/p>\n<p>Die Anliegen und Interessen der Gemeinde Arth beim Kantonrat bestens vertreten.<br \/>\nDie Investitionen des Kantons m\u00fcssen im Sinne der Finanzierbarkeit \u00fcberpr\u00fcft und angepasst werden.<br \/>\nIch unterst\u00fctze ein hochstehendes, effizientes und leistungsorientiertes Bildungswesen. Optimale Rahmenbedingungen f\u00fcr das Gewerbe schaffen, mit vereinfachter B\u00fcrokratie. Erhalten und Ausbau von Arbeitspl\u00e4tzen.<br \/>\nIch nehme den Umweltschutz ernst und m\u00f6chte ihn in angemessenem Mass leben und unterst\u00fctzen.<\/p>\n<p><a href=\"http:\/\/www.arth-online.ch\/svp\/wahlen\/wahlen-2020\/wahlen-22-maerz-2020\/\">Alle Kandidaten<\/a><\/p>\n","protected":false},"excerpt":{"rendered":"<p>Am 22. M\u00e4rz 2020 In den Kantonsrat f\u00fcr Arth, Oberarth und Goldau! Smartspider Aufgewachsen in Arth, Schule in Arth und Oberarth besucht. Berufslehre als K\u00e4ser absolviert im Jahr 1990 bis &hellip; <a href=\"http:\/\/www.arth-online.ch\/svp\/wahlen\/wahlen-2020\/wahlen-22-maerz-2020\/philippe-szymkowiak\/\" class=\"more-link\"><span class=\"screen-reader-text\">\u201ePhilippe Szymkowiak\u201c <\/span>weiterlesen<\/a><\/p>\n","protected":false},"author":1,"featured_media":0,"parent":2555,"menu_order":0,"comment_status":"closed","ping_status":"closed","template":"","meta":{"ngg_post_thumbnail":0,"footnotes":"","_links_to":"","_links_to_target":""},"class_list":["post-2820","page","type-page","status-publish","hentry"],"distributor_meta":false,"distributor_terms":false,"distributor_media":false,"distributor_original_site_name":"SVP Arth-Oberarth-Goldau","distributor_original_site_url":"http:\/\/www.arth-online.ch\/svp","push-errors":false,"_links":{"self":[{"href":"http:\/\/www.arth-online.ch\/svp\/wp-json\/wp\/v2\/pages\/2820","targetHints":{"allow":["GET"]}}],"collection":[{"href":"http:\/\/www.arth-online.ch\/svp\/wp-json\/wp\/v2\/pages"}],"about":[{"href":"http:\/\/www.arth-online.ch\/svp\/wp-json\/wp\/v2\/types\/page"}],"author":[{"embeddable":true,"href":"http:\/\/www.arth-online.ch\/svp\/wp-json\/wp\/v2\/users\/1"}],"replies":[{"embeddable":true,"href":"http:\/\/www.arth-online.ch\/svp\/wp-json\/wp\/v2\/comments?post=2820"}],"version-history":[{"count":1,"href":"http:\/\/www.arth-online.ch\/svp\/wp-json\/wp\/v2\/pages\/2820\/revisions"}],"predecessor-version":[{"id":2821,"href":"http:\/\/www.arth-online.ch\/svp\/wp-json\/wp\/v2\/pages\/2820\/revisions\/2821"}],"up":[{"embeddable":true,"href":"http:\/\/www.arth-online.ch\/svp\/wp-json\/wp\/v2\/pages\/2555"}],"wp:attachment":[{"href":"http:\/\/www.arth-online.ch\/svp\/wp-json\/wp\/v2\/media?parent=2820"}],"curies":[{"name":"wp","href":"https:\/\/api.w.org\/{rel}","templated":true}]}}

<h2>Am 22. März 2020 In den Kantonsrat für Arth, Oberarth und Goldau!</h2>
<p><img loading="lazy" decoding="async" src="http://www.arth-online.ch/svp/wp-content/uploads/sites/2/2020/02/kr2020-szymkowiak_philippe-1024x705.jpg" alt="" width="840" height="578" class="alignnone size-large wp-image-2773" srcset="http://www.arth-online.ch/svp/wp-content/uploads/sites/2/2020/02/kr2020-szymkowiak_philippe-1024x705.jpg 1024w, http://www.arth-online.ch/svp/wp-content/uploads/sites/2/2020/02/kr2020-szymkowiak_philippe-300x207.jpg 300w, http://www.arth-online.ch/svp/wp-content/uploads/sites/2/2020/02/kr2020-szymkowiak_philippe-768x529.jpg 768w, http://www.arth-online.ch/svp/wp-content/uploads/sites/2/2020/02/kr2020-szymkowiak_philippe.jpg 1064w" sizes="auto, (max-width: 709px) 85vw, (max-width: 909px) 67vw, (max-width: 1362px) 62vw, 840px" /></p>
<h2>Smartspider</h2>
<p><img loading="lazy" decoding="async" src="http://www.arth-online.ch/svp/wp-content/uploads/sites/2/2020/02/smartspider_szymkowiak_philippe.jpg" alt="" width="948" height="949" class="alignnone size-full wp-image-2811" srcset="http://www.arth-online.ch/svp/wp-content/uploads/sites/2/2020/02/smartspider_szymkowiak_philippe.jpg 948w, http://www.arth-online.ch/svp/wp-content/uploads/sites/2/2020/02/smartspider_szymkowiak_philippe-300x300.jpg 300w, http://www.arth-online.ch/svp/wp-content/uploads/sites/2/2020/02/smartspider_szymkowiak_philippe-150x150.jpg 150w, http://www.arth-online.ch/svp/wp-content/uploads/sites/2/2020/02/smartspider_szymkowiak_philippe-768x769.jpg 768w" sizes="auto, (max-width: 709px) 85vw, (max-width: 909px) 67vw, (max-width: 1362px) 62vw, 840px" /></p>
<p>Aufgewachsen in Arth, Schule in Arth und Oberarth besucht. Berufslehre als Käser absolviert im Jahr 1990 bis 1993, mit anschliessender Weiterbildung zum Käserei-Experten. Ausbildung zum Eidg. Med. Masseur im Jahr 2003 abgeschlossen, seither selbstständig mit zwei Mitarbeitern in eigener Praxis in Arth und Küssnacht.<br />
Mitgliedschaften: Vorstand Ortspartei SVP Arth-Oberart-Goldau, Gruppenführer Feuerwehr Arth, Klausengesellschaft Arth, Gewerbeverein Arth-Goldau, Imkervereinigung Schwyz</p>
<p><strong>Meine Ziele als Kantonsrat:</strong></p>
<p>Die Anliegen und Interessen der Gemeinde Arth beim Kantonrat bestens vertreten.<br />
Die Investitionen des Kantons müssen im Sinne der Finanzierbarkeit überprüft und angepasst werden.<br />
Ich unterstütze ein hochstehendes, effizientes und leistungsorientiertes Bildungswesen. Optimale Rahmenbedingungen für das Gewerbe schaffen, mit vereinfachter Bürokratie. Erhalten und Ausbau von Arbeitsplätzen.<br />
Ich nehme den Umweltschutz ernst und möchte ihn in angemessenem Mass leben und unterstützen.</p>
<p><a href="http://www.arth-online.ch/svp/wahlen/wahlen-2020/wahlen-22-maerz-2020/">Alle Kandidaten</a></p>

<p>Am 22. März 2020 In den Kantonsrat für Arth, Oberarth und Goldau! Smartspider Aufgewachsen in Arth, Schule in Arth und Oberarth besucht. Berufslehre als Käser absolviert im Jahr 1990 bis &hellip; <a href="http://www.arth-online.ch/svp/wahlen/wahlen-2020/wahlen-22-maerz-2020/philippe-szymkowiak/" class="more-link"><span class="screen-reader-text">„Philippe Szymkowiak“ </span>weiterlesen</a></p>
