{"id":2555,"date":"2019-11-27T13:26:00","date_gmt":"2019-11-27T12:26:00","guid":{"rendered":"http:\/\/www.arth-online.ch\/svp\/?page_id=2555"},"modified":"2020-02-18T11:39:47","modified_gmt":"2020-02-18T10:39:47","slug":"wahlen-22-maerz-2020","status":"publish","type":"page","link":"http:\/\/www.arth-online.ch\/svp\/wahlen\/wahlen-2020\/wahlen-22-maerz-2020\/","title":{"rendered":"Wahlen 22. M\u00e4rz 2020"},"content":{"rendered":"<div class=\"wc-shortcodes-row wc-shortcodes-item wc-shortcodes-clearfix\">\n<div class=\"wc-shortcodes-column wc-shortcodes-content wc-shortcodes-one-half wc-shortcodes-column-first \">\n<img loading=\"lazy\" decoding=\"async\" src=\"http:\/\/www.arth-online.ch\/svp\/wp-content\/uploads\/sites\/2\/2020\/02\/plakat_rr2020-704x1024.jpg\" alt=\"\" width=\"704\" height=\"1024\" class=\"alignnone size-large wp-image-2783\" srcset=\"http:\/\/www.arth-online.ch\/svp\/wp-content\/uploads\/sites\/2\/2020\/02\/plakat_rr2020-704x1024.jpg 704w, http:\/\/www.arth-online.ch\/svp\/wp-content\/uploads\/sites\/2\/2020\/02\/plakat_rr2020-206x300.jpg 206w, http:\/\/www.arth-online.ch\/svp\/wp-content\/uploads\/sites\/2\/2020\/02\/plakat_rr2020-768x1118.jpg 768w, http:\/\/www.arth-online.ch\/svp\/wp-content\/uploads\/sites\/2\/2020\/02\/plakat_rr2020-1055x1536.jpg 1055w, http:\/\/www.arth-online.ch\/svp\/wp-content\/uploads\/sites\/2\/2020\/02\/plakat_rr2020-1407x2048.jpg 1407w, http:\/\/www.arth-online.ch\/svp\/wp-content\/uploads\/sites\/2\/2020\/02\/plakat_rr2020-1200x1746.jpg 1200w, http:\/\/www.arth-online.ch\/svp\/wp-content\/uploads\/sites\/2\/2020\/02\/plakat_rr2020-scaled.jpg 1759w\" sizes=\"auto, (max-width: 704px) 85vw, 704px\" \/>\n<\/div>\n<div class=\"wc-shortcodes-column wc-shortcodes-content wc-shortcodes-one-half wc-shortcodes-column-last \">\n<img loading=\"lazy\" decoding=\"async\" src=\"http:\/\/www.arth-online.ch\/svp\/wp-content\/uploads\/sites\/2\/2020\/02\/plakat_kr2020-799x1024.jpg\" alt=\"\" width=\"799\" height=\"1024\" class=\"alignnone size-large wp-image-2784\" srcset=\"http:\/\/www.arth-online.ch\/svp\/wp-content\/uploads\/sites\/2\/2020\/02\/plakat_kr2020-799x1024.jpg 799w, http:\/\/www.arth-online.ch\/svp\/wp-content\/uploads\/sites\/2\/2020\/02\/plakat_kr2020-234x300.jpg 234w, http:\/\/www.arth-online.ch\/svp\/wp-content\/uploads\/sites\/2\/2020\/02\/plakat_kr2020-768x984.jpg 768w, http:\/\/www.arth-online.ch\/svp\/wp-content\/uploads\/sites\/2\/2020\/02\/plakat_kr2020-1198x1536.jpg 1198w, http:\/\/www.arth-online.ch\/svp\/wp-content\/uploads\/sites\/2\/2020\/02\/plakat_kr2020-1598x2048.jpg 1598w, http:\/\/www.arth-online.ch\/svp\/wp-content\/uploads\/sites\/2\/2020\/02\/plakat_kr2020-1200x1538.jpg 1200w, http:\/\/www.arth-online.ch\/svp\/wp-content\/uploads\/sites\/2\/2020\/02\/plakat_kr2020-scaled.jpg 1997w\" sizes=\"auto, (max-width: 799px) 85vw, 799px\" \/>\n<\/div>\n<\/div>\n<h2>In den Kantonsrat f\u00fcr Arth, Oberarth und Goldau:<\/h2>\n<h3>KR <a href=\"http:\/\/www.arth-online.ch\/svp\/wahlen\/wahlen-2020\/wahlen-22-maerz-2020\/roman-buergi\/\">Roman B\u00fcrgi<\/a>, bisher<\/h3>\n<p><img loading=\"lazy\" decoding=\"async\" src=\"http:\/\/www.arth-online.ch\/svp\/wp-content\/uploads\/sites\/2\/2020\/02\/kr2020-buergi_roman.jpg\" alt=\"\" width=\"1064\" height=\"733\" class=\"alignnone size-full wp-image-2769\" srcset=\"http:\/\/www.arth-online.ch\/svp\/wp-content\/uploads\/sites\/2\/2020\/02\/kr2020-buergi_roman.jpg 1064w, http:\/\/www.arth-online.ch\/svp\/wp-content\/uploads\/sites\/2\/2020\/02\/kr2020-buergi_roman-300x207.jpg 300w, http:\/\/www.arth-online.ch\/svp\/wp-content\/uploads\/sites\/2\/2020\/02\/kr2020-buergi_roman-1024x705.jpg 1024w, http:\/\/www.arth-online.ch\/svp\/wp-content\/uploads\/sites\/2\/2020\/02\/kr2020-buergi_roman-768x529.jpg 768w\" sizes=\"auto, (max-width: 709px) 85vw, (max-width: 909px) 67vw, (max-width: 1362px) 62vw, 840px\" \/><\/p>\n<p>Beruf Unternehmer \/ Aufgewachsen in Goldau \/ Schulen in Goldau und Oberarth<br \/>\nAusbildung als Carrosserie-Spengler, Absolvent Betriebsfachschule Luzern<br \/>\nGesch\u00e4ftsf\u00fchrer der B\u00fcrgi-Infra-Grill und K\u00fcchenmaschinen AG<br \/>\nMehrfacher Schweizermeister im Ringen. Ehrenpr\u00e4sident Ringerriege Brunnen<br \/>\nOK-Pr\u00e4sident mehrerer Schweizermeisterschaften im Ringen<br \/>\nVorstand SVP Ortspartei, Vice-Pr\u00e4sident SVP Kanton Schwyz. \/ Seit 2012 Kantonsrat,<br \/>\nKant. Kommission f\u00fcr Gesundheit und Soziale Sicherheit, Kant. Einb\u00fcrgerungskommission<\/p>\n<p><strong>Meine Zielsetzung als Kantonsrat:<\/strong><\/p>\n<p>Als Unternehmer sind f\u00fcr mich attraktive Rahmenbedingungen f\u00fcr Klein- und Mittelbetriebe wichtig. Erhaltung und Schaffung von Arbeitspl\u00e4tzen, f\u00fcr jeden Jugendlichen eine Ausbildungsm\u00f6glichkeit und somit sozialer Friede unter den Mitb\u00fcrgern. Mehr Freiheit \u2013 weniger Staat. Die Auffassung \u00abFreiheit, Toleranz und freie Marktwirtschaft\u00bb umschreiben meine Anschauung. Unter Freiheit meine ich nicht schrankenloses Tun und Treiben, jedoch die n\u00f6tige Selbstverantwortung jedes B\u00fcrgers. Nicht alles soll der Staat bis ins letzte Detail normieren. Eine auf die Schweiz zugeschnittene Ausl\u00e4nderpolitik, statt schrankenlose Zuwanderung. Es darf nicht sein, dass j\u00e4hrlich Tausende in unser Land einreisen und der Staat deren Unterhalt mitfinanzieren muss. An erster Stelle kommt das eigene Volk.<\/p>\n<p><em>Politisieren mit normalem Menschenverstand<\/em><\/p>\n<h3><a href=\"http:\/\/www.arth-online.ch\/svp\/wahlen\/wahlen-2020\/wahlen-22-maerz-2020\/heimgard-vollenweider\/\">Heimgard Vollenweider<\/a><\/h3>\n<p><img loading=\"lazy\" decoding=\"async\" src=\"http:\/\/www.arth-online.ch\/svp\/wp-content\/uploads\/sites\/2\/2020\/02\/kr2020-vollenweider_heimgard-1024x705.jpg\" alt=\"\" width=\"840\" height=\"578\" class=\"alignnone size-large wp-image-2776\" srcset=\"http:\/\/www.arth-online.ch\/svp\/wp-content\/uploads\/sites\/2\/2020\/02\/kr2020-vollenweider_heimgard-1024x705.jpg 1024w, http:\/\/www.arth-online.ch\/svp\/wp-content\/uploads\/sites\/2\/2020\/02\/kr2020-vollenweider_heimgard-300x207.jpg 300w, http:\/\/www.arth-online.ch\/svp\/wp-content\/uploads\/sites\/2\/2020\/02\/kr2020-vollenweider_heimgard-768x529.jpg 768w, http:\/\/www.arth-online.ch\/svp\/wp-content\/uploads\/sites\/2\/2020\/02\/kr2020-vollenweider_heimgard.jpg 1064w\" sizes=\"auto, (max-width: 709px) 85vw, (max-width: 909px) 67vw, (max-width: 1362px) 62vw, 840px\" \/><\/p>\n<p>Seit 1993 wohnhaft in Arth.<br \/>\nAusbildung an der Hotelfachschule Z\u00fcrich, Dipl. Hoteli\u00e8re HF.<br \/>\nGesch\u00e4ftsf\u00fchrerin der eigenen Unternehmung im Bereich Personalberatung, Stellenvermittlung und Unternehmensberatung.<br \/>\nSeit 2010 Gemeinder\u00e4tin Arth, Planung- und Baukommission<br \/>\nPr\u00e4sidentin Gewerbeverein Arth Oberarth Goldau \/ Mitglied der Gleichstellungskommission Kanton Schwyz \/ Vorstandsmitglied SVP Arth-Oberarth-Goldau<\/p>\n<p><strong>Als Kantonsr\u00e4tin setzte ich mich ein:<\/strong><\/p>\n<p>F\u00fcr eine funktionierende Wirtschaft, sie ist die Grundlage unserer Gesellschaft und Grundpfeiler unseres freiheitlichen Staatswesens. Unser Wohlergehen h\u00e4ngt weitgehend von kleinen und mittleren Unternehmungen ab. Diese brauchen optimale Rahmenbedingungen und der unternehmerische Spielraum muss m\u00f6glichst gross sein, damit sie leistungsf\u00e4hig bleiben. Ich fordere mehr Freiraum und weniger teure Regulierungsflut f\u00fcr unsere Betriebe.<br \/>\nIch stehe ein f\u00fcr einen gelebten Schutz der Umwelt mit Eigenverantwortung. Ohne Geldumverteilung, Beschr\u00e4nkung und Verbote.<br \/>\nAls langj\u00e4hrige Gemeinder\u00e4tin kenne ich die stetig wachsenden kantonal geregelten Sozialkosten, welche die Gemeinden einfach zu tragen haben. Besonders f\u00fcr Zentrumsgemeinden wird diese Last immer gr\u00f6sser, hier gilt es im Kantonsrat dringend anzusetzen.<\/p>\n<h3><a href=\"http:\/\/www.arth-online.ch\/svp\/wahlen\/wahlen-2020\/wahlen-22-maerz-2020\/philippe-szymkowiak\/\">Philippe Szymkowiak<\/a><\/h3>\n<p><img loading=\"lazy\" decoding=\"async\" src=\"http:\/\/www.arth-online.ch\/svp\/wp-content\/uploads\/sites\/2\/2020\/02\/kr2020-szymkowiak_philippe-1024x705.jpg\" alt=\"\" width=\"840\" height=\"578\" class=\"alignnone size-large wp-image-2773\" srcset=\"http:\/\/www.arth-online.ch\/svp\/wp-content\/uploads\/sites\/2\/2020\/02\/kr2020-szymkowiak_philippe-1024x705.jpg 1024w, http:\/\/www.arth-online.ch\/svp\/wp-content\/uploads\/sites\/2\/2020\/02\/kr2020-szymkowiak_philippe-300x207.jpg 300w, http:\/\/www.arth-online.ch\/svp\/wp-content\/uploads\/sites\/2\/2020\/02\/kr2020-szymkowiak_philippe-768x529.jpg 768w, http:\/\/www.arth-online.ch\/svp\/wp-content\/uploads\/sites\/2\/2020\/02\/kr2020-szymkowiak_philippe.jpg 1064w\" sizes=\"auto, (max-width: 709px) 85vw, (max-width: 909px) 67vw, (max-width: 1362px) 62vw, 840px\" \/><\/p>\n<p>Aufgewachsen in Arth, Schule in Arth und Oberarth besucht. Berufslehre als K\u00e4ser absolviert im Jahr 1990 bis 1993, mit anschliessender Weiterbildung zum K\u00e4serei-Experten. Ausbildung zum Eidg. Med. Masseur im Jahr 2003 abgeschlossen, seither selbstst\u00e4ndig mit zwei Mitarbeitern in eigener Praxis in Arth und K\u00fcssnacht.<br \/>\nMitgliedschaften: Vorstand Ortspartei SVP Arth-Oberart-Goldau, Gruppenf\u00fchrer Feuerwehr Arth, Klausengesellschaft Arth, Gewerbeverein Arth-Goldau, Imkervereinigung Schwyz<\/p>\n<p><strong>Meine Ziele als Kantonsrat:<\/strong><\/p>\n<p>Die Anliegen und Interessen der Gemeinde Arth beim Kantonrat bestens vertreten.<br \/>\nDie Investitionen des Kantons m\u00fcssen im Sinne der Finanzierbarkeit \u00fcberpr\u00fcft und angepasst werden.<br \/>\nIch unterst\u00fctze ein hochstehendes, effizientes und leistungsorientiertes Bildungswesen. Optimale Rahmenbedingungen f\u00fcr das Gewerbe schaffen, mit vereinfachter B\u00fcrokratie. Erhalten und Ausbau von Arbeitspl\u00e4tzen.<br \/>\nIch nehme den Umweltschutz ernst und m\u00f6chte ihn in angemessenem Mass leben und unterst\u00fctzen.<\/p>\n<h3><a href=\"http:\/\/www.arth-online.ch\/svp\/wahlen\/wahlen-2020\/wahlen-22-maerz-2020\/beatrice-frei-inderbitzin\/\">Beatrice Frei-Inderbitzin<\/a><\/h3>\n<p><img loading=\"lazy\" decoding=\"async\" src=\"http:\/\/www.arth-online.ch\/svp\/wp-content\/uploads\/sites\/2\/2020\/02\/kr2020-frei-inderbitzin_beatrice-1024x705.jpg\" alt=\"\" width=\"840\" height=\"578\" class=\"alignnone size-large wp-image-2770\" srcset=\"http:\/\/www.arth-online.ch\/svp\/wp-content\/uploads\/sites\/2\/2020\/02\/kr2020-frei-inderbitzin_beatrice-1024x705.jpg 1024w, http:\/\/www.arth-online.ch\/svp\/wp-content\/uploads\/sites\/2\/2020\/02\/kr2020-frei-inderbitzin_beatrice-300x207.jpg 300w, http:\/\/www.arth-online.ch\/svp\/wp-content\/uploads\/sites\/2\/2020\/02\/kr2020-frei-inderbitzin_beatrice-768x529.jpg 768w, http:\/\/www.arth-online.ch\/svp\/wp-content\/uploads\/sites\/2\/2020\/02\/kr2020-frei-inderbitzin_beatrice.jpg 1064w\" sizes=\"auto, (max-width: 709px) 85vw, (max-width: 909px) 67vw, (max-width: 1362px) 62vw, 840px\" \/><\/p>\n<p>Aufgewachsen in Arth \/ Primarschule in Arth &#038; Sekundarschule in Oberarth.<br \/>\nAusbildung zur Kinderg\u00e4rtnerin in Ingenbohl, Lehrerin PH Zug und B\u00e4uerin in Gurtnellen.<br \/>\nSprachaufenthalte im Tessin, USA, Kanada, Irland und Australien.<br \/>\nMehrj\u00e4hrige Mitarbeit im Kantonalen Vorstand des Kinderg\u00e4rtnerinnenvereins, soziales Engagement in der Pfarrei Arth im Bereich Kleinkinderkirche. Vizepr\u00e4sidentin des Einwohnervereins Oberarth. Gr\u00fcndungspr\u00e4sidentin des Frauenschwingklubs der Urschweiz seit 2017. Kommissionsmitglied der SVP Nachwuchsf\u00f6rderung des Kantons Schwyz. Mitarbeit im Wahlausschuss der SVP Kanton Schwyz f\u00fcr National-, St\u00e4nde- und Regierungsratswahlen. Aktuarin im Vorstand der SVP Ortspartei Arth-Oberarth-Goldau.<\/p>\n<p><strong>Meine Zielsetzung als Kantonsr\u00e4tin:<\/strong><\/p>\n<p>Als im Kanton Schwyz verwurzelte Frau, Mutter und Lehrerin setze ich mich ein f\u00fcr die Familie und ein gutes Bildungs- und Weiterbildungssystem. Durch einen attraktiven Wirtschaftsstandort und optimale Rahmenbedingungen f\u00fcr das Gewerbe sollen die Arbeits- und Ausbildungspl\u00e4tze erhalten und neu geschaffen werden. Der Mittelstand muss gest\u00e4rkt werden. Ich unterst\u00fctze Werte wie Freiheit, Eigenverantwortung und Toleranz und die Selbstverantwortung der B\u00fcrger und Nichtb\u00fcrger. Ich bin f\u00fcr eine konstruktive und l\u00f6sungsorientierte Politik und gegen die Erh\u00f6hung von Steuern, Abgaben und die Einf\u00fchrung weiterer Gesetze, die den arbeitenden B\u00fcrger bevormunden und \u00abmelken\u00bb zugunsten von Profiteuren. Ich engagiere mich f\u00fcr Brauchtum, Traditionen, Kultur und f\u00fcr die Erhaltung des sch\u00f6nen Lebensraums unserer Heimat Schweiz.<\/p>\n<p><em>Herzlichen Dank f\u00fcr Ihre Unterst\u00fctzung<\/em><\/p>\n<h3><a href=\"http:\/\/www.arth-online.ch\/svp\/wahlen\/wahlen-2020\/wahlen-22-maerz-2020\/tony-ulrich\/\">Tony Ulrich<\/a><\/h3>\n<p><img loading=\"lazy\" decoding=\"async\" src=\"http:\/\/www.arth-online.ch\/svp\/wp-content\/uploads\/sites\/2\/2020\/02\/kr2020-ulrich_tony-1024x706.jpg\" alt=\"\" width=\"840\" height=\"579\" class=\"alignnone size-large wp-image-2775\" srcset=\"http:\/\/www.arth-online.ch\/svp\/wp-content\/uploads\/sites\/2\/2020\/02\/kr2020-ulrich_tony-1024x706.jpg 1024w, http:\/\/www.arth-online.ch\/svp\/wp-content\/uploads\/sites\/2\/2020\/02\/kr2020-ulrich_tony-300x207.jpg 300w, http:\/\/www.arth-online.ch\/svp\/wp-content\/uploads\/sites\/2\/2020\/02\/kr2020-ulrich_tony-768x530.jpg 768w, http:\/\/www.arth-online.ch\/svp\/wp-content\/uploads\/sites\/2\/2020\/02\/kr2020-ulrich_tony.jpg 1064w\" sizes=\"auto, (max-width: 709px) 85vw, (max-width: 909px) 67vw, (max-width: 1362px) 62vw, 840px\" \/><\/p>\n<p>Aufgewachsen in Arth; Primarschule 6 Jahre in Arth; Oberstufe 3 Jahre in Oberarth<br \/>\nLehre zum Bauspengler EFZ 2004-2007 in Zug; Ausbildung zum Bauspengler-Polier 2015<br \/>\nSeit 2009 angestellt und Junior-Chef bei Anton Ulrich GmbH, ab 2020 Firmen\u00fcbernahme<br \/>\nMitgliedschaften: Vorstand Gewerbeverein Arth Oberarth Goldau; OK Rigi-Berglauf, Sponsoring; Aktivmitglied Klausen-Gesellschaft Arth, Sponsoring; Mitglied Wirtschaftskommission Gemeinde Arth; Mitglied Selgis Shooting<\/p>\n<p><strong>Meine Ziele als Kantonsrat:<\/strong><\/p>\n<p>Als Kantonsrat werde ich mich f\u00fcr h\u00e4rtere Strafen gegen\u00fcber Kriminellen einsetzen.<br \/>\nAllen voran gegen Gewalt zu Hause und an Kindern. H\u00e4rtere Strafen gegen P\u00e4dophile, ohne ein psychiatrisches Gutachten zu erlangen, denn das ist ein Witz und f\u00fchrt immer wieder zu R\u00fcckf\u00e4llen. Sie sollen die H\u00e4rte des Gesetzes sp\u00fcren. Mehr Rechte f\u00fcr die Polizisten. Egal was sie heute machen, sie sind immer die Schuldigen, das muss aufh\u00f6ren.<br \/>\nDie Schulwege m\u00fcssen sicherer werden, Kinder sollen zu Fuss oder mit dem Fahrrad zur Schule gehen k\u00f6nnen und nicht mit dem Privatauto hingefahren werden.<br \/>\nIch bin f\u00fcr mehr Eigenverantwortung, denken mit gesundem Menschenverstand und nicht f\u00fcr jede Kleinigkeit ein Drama fabrizieren. Nein zu Steuererh\u00f6hungen, JA zum Sparen, ein wichtiges Thema, welches man stets beachten muss. Zudem setze ich mich stark f\u00fcr Tiere ein. Hunde sollten auch frei herumlaufen k\u00f6nnen und nicht immer an der Leine sein.<\/p>\n<h3><a href=\"http:\/\/www.arth-online.ch\/svp\/wahlen\/wahlen-2020\/wahlen-22-maerz-2020\/manuela-jaeggi\/\">Manuela J\u00e4ggi<\/a><\/h3>\n<p><img loading=\"lazy\" decoding=\"async\" src=\"http:\/\/www.arth-online.ch\/svp\/wp-content\/uploads\/sites\/2\/2020\/02\/kr2020-jaeggi_manuela-1024x706.jpg\" alt=\"\" width=\"840\" height=\"579\" class=\"alignnone size-large wp-image-2771\" srcset=\"http:\/\/www.arth-online.ch\/svp\/wp-content\/uploads\/sites\/2\/2020\/02\/kr2020-jaeggi_manuela-1024x706.jpg 1024w, http:\/\/www.arth-online.ch\/svp\/wp-content\/uploads\/sites\/2\/2020\/02\/kr2020-jaeggi_manuela-300x207.jpg 300w, http:\/\/www.arth-online.ch\/svp\/wp-content\/uploads\/sites\/2\/2020\/02\/kr2020-jaeggi_manuela-768x530.jpg 768w, http:\/\/www.arth-online.ch\/svp\/wp-content\/uploads\/sites\/2\/2020\/02\/kr2020-jaeggi_manuela.jpg 1064w\" sizes=\"auto, (max-width: 709px) 85vw, (max-width: 909px) 67vw, (max-width: 1362px) 62vw, 840px\" \/><\/p>\n<p>Aufgewachsen in Stans (NW), Schulen in Stans. Ausbildung als Hotelfachassistentin im 4*Hotel Belvedere, Hergiswil<br \/>\nSprachaufenthalt im Tessin<br \/>\nIm Sommer 2019 Ausbildung zur Hypnosetherapeutin<br \/>\nTeamleitung Service\/ Stv. Hauswirtschaftsleitung, Alterszentrum Neustadt, Zug<br \/>\nMitglied der Ortspartei SVP Arth-Oberarth-Goldau<\/p>\n<p><strong>Meine Ziele als Kantonsrat:<\/strong><\/p>\n<p>Ich m\u00f6chte aktiv bei der Kant. Kommission f\u00fcr Gesundheit und soziale Sicherheit mitwirken. Dabei ist es mir ein grosses Anliegen, dass Familien mit behinderten Kindern, Alleinerziehende, wie auch betagte Menschen besser unterst\u00fctzt werden, mit kompetenter Beratung, sozialen Einrichtungen, wie auch in finanzieller Hinsicht. Die Menschlichkeit und F\u00fcrsorge f\u00fcrs eigene Volk darf nicht vernachl\u00e4ssigt werden.<br \/>\nZu einem friedvollen Zusammenleben verschiedener Kulturen geh\u00f6ren Respekt und Anstand. Meine pers\u00f6nliche Meinung zur Einwanderungspolitik: Wer gerne in der Schweiz leben m\u00f6chte, muss zwingend unsere Kultur, unsere Werte, wie auch unsere Regeln und Gesetze verstehen, akzeptieren und auch umsetzen.<\/p>\n<p><em>F\u00fcr Ihre Unterst\u00fctzung und Ihr Vertrauen bedanke ich mich.<\/em><\/p>\n<h3><a href=\"http:\/\/www.arth-online.ch\/svp\/wahlen\/wahlen-2020\/wahlen-22-maerz-2020\/rene-ulrich\/\">Ren\u00e9 Ulrich<\/a><\/h3>\n<p><img loading=\"lazy\" decoding=\"async\" src=\"http:\/\/www.arth-online.ch\/svp\/wp-content\/uploads\/sites\/2\/2020\/02\/kr2020-ulrich_rene-1024x706.jpg\" alt=\"\" width=\"840\" height=\"579\" class=\"alignnone size-large wp-image-2774\" srcset=\"http:\/\/www.arth-online.ch\/svp\/wp-content\/uploads\/sites\/2\/2020\/02\/kr2020-ulrich_rene-1024x706.jpg 1024w, http:\/\/www.arth-online.ch\/svp\/wp-content\/uploads\/sites\/2\/2020\/02\/kr2020-ulrich_rene-300x207.jpg 300w, http:\/\/www.arth-online.ch\/svp\/wp-content\/uploads\/sites\/2\/2020\/02\/kr2020-ulrich_rene-768x530.jpg 768w, http:\/\/www.arth-online.ch\/svp\/wp-content\/uploads\/sites\/2\/2020\/02\/kr2020-ulrich_rene.jpg 1064w\" sizes=\"auto, (max-width: 709px) 85vw, (max-width: 909px) 67vw, (max-width: 1362px) 62vw, 840px\" \/><\/p>\n<p>Aufgewachsen in Goldau, Schulen in Goldau und Oberarth.<br \/>\nLehre als Elektromonteur bei Ehrler Josef in Steinen.<br \/>\n20 Jahre bei Henseler Aufz\u00fcge in K\u00fcssnacht als Monteur und sp\u00e4ter als Montageleiter.<br \/>\nSeit September 2019 bei Bio-Circle als Area Sales Manager t\u00e4tig.<br \/>\nMitgliedschaften: Pr\u00e4sident der Ortspartei SVP Arth-Oberarth-Goldau, Mitglied des Kantonalvorstandes der SVP Kanton Schwyz, der Pistolensch\u00fctzen am Rigi.<\/p>\n<p><strong>Meine Ziele als Kantonsrat:<\/strong><\/p>\n<p>Der Kanton braucht zur Erf\u00fcllung der ihm aufgetragenen Leistungen Geld. Doch haben die B\u00fcrgerinnen und B\u00fcrger das Recht, dass ihre Steuern, Abgaben und Geb\u00fchren effizient und verantwortungsbewusst eingesetzt werden. Die Aufgaben, Ausgaben und Investitionen des Kantons sind laufend zu \u00fcberpr\u00fcfen und im Sinne der Finanzierbarkeit anzupassen. Mehr Steuern NEIN, mehr Eigenverantwortung und sparen JA! Die Kosten im Sozialbereich sind massiv gewachsen. Dies, weil aus Sozialwerken ein regelrechter Wirtschaftszweig gewachsen ist, wo Angebote und deren Kosten ungebremst wachsen. Sozialhilfe und Unterst\u00fctzung soll auf ein Minimum beschr\u00e4nkt werden, damit sich ehrliche Arbeit wieder lohnt. Ich fordere die Durchsetzung von Recht und Ordnung mit sp\u00fcrbaren Strafen und einem konsequenten Vollzug Kriminelle zu bestrafen anstatt zu h\u00e4tscheln.<\/p>\n<p><img loading=\"lazy\" decoding=\"async\" style=\"padding:1em;border:1px solid green;\" src=\"http:\/\/www.arth-online.ch\/svp\/wp-content\/uploads\/sites\/2\/2020\/02\/kr2020-liste2-701x1024.jpg\" alt=\"\" width=\"701\" height=\"1024\" class=\"alignnone size-large wp-image-2772\" srcset=\"http:\/\/www.arth-online.ch\/svp\/wp-content\/uploads\/sites\/2\/2020\/02\/kr2020-liste2-701x1024.jpg 701w, http:\/\/www.arth-online.ch\/svp\/wp-content\/uploads\/sites\/2\/2020\/02\/kr2020-liste2-205x300.jpg 205w, http:\/\/www.arth-online.ch\/svp\/wp-content\/uploads\/sites\/2\/2020\/02\/kr2020-liste2-768x1122.jpg 768w, http:\/\/www.arth-online.ch\/svp\/wp-content\/uploads\/sites\/2\/2020\/02\/kr2020-liste2-1051x1536.jpg 1051w, http:\/\/www.arth-online.ch\/svp\/wp-content\/uploads\/sites\/2\/2020\/02\/kr2020-liste2.jpg 1075w\" sizes=\"auto, (max-width: 701px) 85vw, 701px\" \/><\/p>\n","protected":false},"excerpt":{"rendered":"<p>In den Kantonsrat f\u00fcr Arth, Oberarth und Goldau: KR Roman B\u00fcrgi, bisher Beruf Unternehmer \/ Aufgewachsen in Goldau \/ Schulen in Goldau und Oberarth Ausbildung als Carrosserie-Spengler, Absolvent Betriebsfachschule Luzern &hellip; <a href=\"http:\/\/www.arth-online.ch\/svp\/wahlen\/wahlen-2020\/wahlen-22-maerz-2020\/\" class=\"more-link\"><span class=\"screen-reader-text\">\u201eWahlen 22. M\u00e4rz 2020\u201c <\/span>weiterlesen<\/a><\/p>\n","protected":false},"author":1,"featured_media":0,"parent":2487,"menu_order":0,"comment_status":"closed","ping_status":"closed","template":"","meta":{"ngg_post_thumbnail":0,"footnotes":"","_links_to":"","_links_to_target":""},"class_list":["post-2555","page","type-page","status-publish","hentry"],"distributor_meta":false,"distributor_terms":false,"distributor_media":false,"distributor_original_site_name":"SVP Arth-Oberarth-Goldau","distributor_original_site_url":"http:\/\/www.arth-online.ch\/svp","push-errors":false,"_links":{"self":[{"href":"http:\/\/www.arth-online.ch\/svp\/wp-json\/wp\/v2\/pages\/2555","targetHints":{"allow":["GET"]}}],"collection":[{"href":"http:\/\/www.arth-online.ch\/svp\/wp-json\/wp\/v2\/pages"}],"about":[{"href":"http:\/\/www.arth-online.ch\/svp\/wp-json\/wp\/v2\/types\/page"}],"author":[{"embeddable":true,"href":"http:\/\/www.arth-online.ch\/svp\/wp-json\/wp\/v2\/users\/1"}],"replies":[{"embeddable":true,"href":"http:\/\/www.arth-online.ch\/svp\/wp-json\/wp\/v2\/comments?post=2555"}],"version-history":[{"count":28,"href":"http:\/\/www.arth-online.ch\/svp\/wp-json\/wp\/v2\/pages\/2555\/revisions"}],"predecessor-version":[{"id":2839,"href":"http:\/\/www.arth-online.ch\/svp\/wp-json\/wp\/v2\/pages\/2555\/revisions\/2839"}],"up":[{"embeddable":true,"href":"http:\/\/www.arth-online.ch\/svp\/wp-json\/wp\/v2\/pages\/2487"}],"wp:attachment":[{"href":"http:\/\/www.arth-online.ch\/svp\/wp-json\/wp\/v2\/media?parent=2555"}],"curies":[{"name":"wp","href":"https:\/\/api.w.org\/{rel}","templated":true}]}}