{"id":241,"date":"2019-12-10T14:00:58","date_gmt":"2019-12-10T13:00:58","guid":{"rendered":"http:\/\/www.arth-online.ch\/kino\/?page_id=241"},"modified":"2019-12-12T11:56:20","modified_gmt":"2019-12-12T10:56:20","slug":"11-movie-dinner-12-und-13-september-2003","status":"publish","type":"page","link":"http:\/\/www.arth-online.ch\/kino\/veranstaltungen\/11-movie-dinner-12-und-13-september-2003\/","title":{"rendered":"11. Movie-Dinner 12. und 13. September 2003"},"content":{"rendered":"<div class=\"wc-shortcodes-row wc-shortcodes-item wc-shortcodes-clearfix\">\n<div class=\"wc-shortcodes-column wc-shortcodes-content wc-shortcodes-one-fourth wc-shortcodes-column-first \">\n<p><img loading=\"lazy\" decoding=\"async\" class=\"alignleft size-full wp-image-242\" src=\"http:\/\/www.arth-online.ch\/kino\/wp-content\/uploads\/sites\/9\/2019\/12\/ausverkauft.gif\" alt=\"\" width=\"128\" height=\"80\" \/><\/p>\n<\/div>\n<div class=\"wc-shortcodes-column wc-shortcodes-content wc-shortcodes-one-half wc-shortcodes-column- \">\n<div style=\"text-align:center;\">\n<div style=\"display: inline-block;margin:0;padding:0;\">\nEinmaliges Ambiente &#8211; kulinarischer Genuss<br \/>\nDas Kino Arth l\u00e4dt ein zum<br \/>\n<span style=\"font-size: 200%;\">Movie-Dinner<\/span><br \/>\nam 12. und 13. September 2003<br \/>\num 18.30 Uhr<\/div>\n<\/div>\n<\/div>\n<div class=\"wc-shortcodes-column wc-shortcodes-content wc-shortcodes-one-fourth wc-shortcodes-column-last \">\n<p><img loading=\"lazy\" decoding=\"async\" class=\"alignright size-full wp-image-242\" src=\"http:\/\/www.arth-online.ch\/kino\/wp-content\/uploads\/sites\/9\/2019\/12\/ausverkauft.gif\" alt=\"\" width=\"128\" height=\"80\" \/><\/p>\n<\/div>\n<\/div>\n<div class=\"wc-shortcodes-row wc-shortcodes-item wc-shortcodes-clearfix\">\n<div class=\"wc-shortcodes-column wc-shortcodes-content wc-shortcodes-one-third wc-shortcodes-column-first \">\n<p><img loading=\"lazy\" decoding=\"async\" class=\"alignnone size-full wp-image-252\" src=\"http:\/\/www.arth-online.ch\/kino\/wp-content\/uploads\/sites\/9\/2019\/12\/header-md-20030912.jpg\" alt=\"\" width=\"256\" height=\"159\" \/><br \/>\n\u00abComo agua para chocolate\u00bb<\/p>\n<p>Auf dem K\u00fcchentisch erblickt Tita das Licht der Welt und ihre tr\u00e4nenreiche Geburt ist ein Omen f\u00fcr ihr Leben: Mit 15 verliebt sie sich auf den ersten Blick in Pedro. Mama Elena indes hat andere Pl\u00e4ne mit ihrer j\u00fcngsten Tochter: Bis an ihr Lebensende soll Tita ihr unverheiratet zur Seite stehen. Um der Geliebten dennoch nah zu sein, heiratet Pedro Titas \u00e4ltere Schwester Rosaura. Tita gibt nicht auf. Als K\u00f6chin des Hauses besinnt sie sich auf die Geheimnisse der traditionellen mexikanischen Kochkunst, die sie mit all der Liebe und Leidenschaft zubereitet, die sie f\u00fcr Pedro empfindet.<\/p>\n<p>In Mexiko bereitet man heisse Schokolade mit Wasser zu, nicht mit Milch. Man bringt das Wasser zum Kochen und f\u00fcgt dann den Kakao hinzu. Wenn sich jemand \u00fcber alle Massen erregt, sagt man, er sch\u00e4umt \u00abwie Wasser f\u00fcr Schokolade.\u00bb Man benutzt diesen Ausdruck auch, um den Zustand sexueller Erregung und Leidenschaft zu beschreiben.<\/p>\n<p>Regie: Alfons Arau, Mexiko 1992<\/p>\n<\/div>\n<div class=\"wc-shortcodes-column wc-shortcodes-content wc-shortcodes-two-third wc-shortcodes-column-last \">\n<p><strong>Liebe Freunde von Movie-Dinner<\/strong><\/p>\n<p>Begleiten Sie uns diesmal nach Mexiko! Herrliche Bilder, eine spannende, r\u00fchrende Story und ein von Beni M\u00fcller in gewohnt souver\u00e4ner Manier auf das Filmthema abgestimmtes Men\u00fc garantieren einen genussvollen Abend.<\/p>\n<div class=\"wc-shortcodes-box wc-shortcodes-item wc-shortcodes-content wc-shortcodes-clearfix wc-shortcodes-box-secondary \" style=\"text-align:center;\">\n<p><span style=\"font-size: 150%;\">Men\u00fc<\/span><\/p>\n<p><strong>Ensalada de nopalitos<\/strong><br \/>\nKaktusbl\u00e4ttersalat (Zentralmexiko)<br \/>\n<strong>Ensalada de calamares<\/strong><br \/>\nTintenfischsalat mit Bohnen (Jalisco)<br \/>\n<strong>Tortillas-Chips Guacamole<\/strong><br \/>\nAvocados-Dip mit Tortillas (Mexiko)<br \/>\n* * *<br \/>\n<strong>Sopa de lentejas<\/strong><br \/>\nLinsensuppe mit Ananas (Oaxaca)<br \/>\n* * *<br \/>\n<strong>Margarita<\/strong><br \/>\nTequila-Cocktail (Jalisco)<br \/>\n* * *<br \/>\n<strong>Lomo en salsa de cacahuates<\/strong><br \/>\nSchweinsfilet mit Erdn\u00fcssen (Valladolid)<br \/>\n<strong>Camotes con limas y tequila<\/strong><br \/>\nS\u00fcsskartoffeln mit Tequila (Zentralmexkiko)<br \/>\n* * *<br \/>\n<strong>Cocada<\/strong><br \/>\nKokosnussdessert (Puebla)<\/p>\n<\/div>\n<p>Wir freuen uns, Sie beim Movie-Dinner zu begr\u00fcssen.<\/p>\n<p>Freundliche Gr\u00fcsse<\/p>\n<p>Beni M\u00fcller \u00aba la carte\u00bb Gastro GmbH, 6410 Goldau<br \/>\nP. Loser, Kinoleiter<\/p>\n<\/div>\n<\/div>\n<div class=\"wc-shortcodes-row wc-shortcodes-item wc-shortcodes-clearfix\">\n<div class=\"wc-shortcodes-column wc-shortcodes-content wc-shortcodes-one-third wc-shortcodes-column-first \">\n<p><a href=\"http:\/\/www.arth-online.ch\/kino\/veranstaltungen\/anmeldung-11-movie-dinner\/\">Jetzt gleich online anmelden&#8230;<\/a><\/p>\n<\/div>\n<div class=\"wc-shortcodes-column wc-shortcodes-content wc-shortcodes-one-third wc-shortcodes-column- \">\n<p><strong>Preis: C\u00fcpli, F\u00fcnfgang-Men\u00fc und Film<br \/>\nFr. 80.00<\/strong><br \/>\n<a href=\"http:\/\/www.arth-online.ch\/kino\/veranstaltungen\/anmeldung-11-movie-dinner\/\">Anmeldung<\/a> erforderlich:<br \/>\nPeter Loser, Rathausplatz 10, 6415 Arth<br \/>\n041\/855 3078<br \/>\n<a href=\"mailto:peterloser@bluewin.ch\">peterloser@bluewin.ch<\/a><\/p>\n<\/div>\n<div class=\"wc-shortcodes-column wc-shortcodes-content wc-shortcodes-one-third wc-shortcodes-column-last \">\n<p>&#8230;oder per Telefon 041 855 3078 (Peter Loser)<\/p>\n<\/div>\n<\/div>\n","protected":false},"excerpt":{"rendered":"<p>Einmaliges Ambiente &#8211; kulinarischer Genuss Das Kino Arth l\u00e4dt ein zum Movie-Dinner am 12. und 13. September 2003 um 18.30 Uhr \u00abComo agua para chocolate\u00bb Auf dem K\u00fcchentisch erblickt Tita das Licht der Welt und ihre tr\u00e4nenreiche Geburt ist ein Omen f\u00fcr ihr Leben: Mit 15 verliebt sie sich auf den ersten Blick in Pedro. &hellip; <a href=\"http:\/\/www.arth-online.ch\/kino\/veranstaltungen\/11-movie-dinner-12-und-13-september-2003\/\" class=\"more-link\"><span class=\"screen-reader-text\">\u201e11. Movie-Dinner 12. und 13. September 2003\u201c <\/span>weiterlesen<\/a><\/p>\n","protected":false},"author":1,"featured_media":0,"parent":9,"menu_order":0,"comment_status":"closed","ping_status":"closed","template":"","meta":{"ngg_post_thumbnail":0,"footnotes":""},"class_list":["post-241","page","type-page","status-publish","hentry"],"_links":{"self":[{"href":"http:\/\/www.arth-online.ch\/kino\/wp-json\/wp\/v2\/pages\/241","targetHints":{"allow":["GET"]}}],"collection":[{"href":"http:\/\/www.arth-online.ch\/kino\/wp-json\/wp\/v2\/pages"}],"about":[{"href":"http:\/\/www.arth-online.ch\/kino\/wp-json\/wp\/v2\/types\/page"}],"author":[{"embeddable":true,"href":"http:\/\/www.arth-online.ch\/kino\/wp-json\/wp\/v2\/users\/1"}],"replies":[{"embeddable":true,"href":"http:\/\/www.arth-online.ch\/kino\/wp-json\/wp\/v2\/comments?post=241"}],"version-history":[{"count":18,"href":"http:\/\/www.arth-online.ch\/kino\/wp-json\/wp\/v2\/pages\/241\/revisions"}],"predecessor-version":[{"id":282,"href":"http:\/\/www.arth-online.ch\/kino\/wp-json\/wp\/v2\/pages\/241\/revisions\/282"}],"up":[{"embeddable":true,"href":"http:\/\/www.arth-online.ch\/kino\/wp-json\/wp\/v2\/pages\/9"}],"wp:attachment":[{"href":"http:\/\/www.arth-online.ch\/kino\/wp-json\/wp\/v2\/media?parent=241"}],"curies":[{"name":"wp","href":"https:\/\/api.w.org\/{rel}","templated":true}]}}